{"id":343,"date":"2024-11-24T23:01:20","date_gmt":"2024-11-24T23:01:20","guid":{"rendered":"https:\/\/zspmeszna.edu.pl\/przedszkole\/?page_id=343"},"modified":"2025-04-29T12:13:59","modified_gmt":"2025-04-29T12:13:59","slug":"psycholog","status":"publish","type":"page","link":"https:\/\/zspmeszna.edu.pl\/przedszkole\/?page_id=343","title":{"rendered":"Psycholog"},"content":{"rendered":"<div data-carousel-extra='{\"blog_id\":1,\"permalink\":\"https:\\\/\\\/zspmeszna.edu.pl\\\/przedszkole\\\/?page_id=343\"}' class=\"tiled-gallery type-circle\" data-original-width=\"640\"><div class=\"tiled-gallery-item calling-this\"><a border=\"0\" href=\"https:\/\/zspmeszna.edu.pl\/przedszkole\/?attachment_id=867\"><img decoding=\"async\" data-attachment-id=\"867\" data-orig-file=\"https:\/\/zspmeszna.edu.pl\/przedszkole\/wp-content\/uploads\/2025\/04\/IMG-20250429-WA0022a.jpg\" data-orig-size=\"2000,2000\" data-comments-opened=\"0\" data-image-meta=\"{&quot;aperture&quot;:&quot;0&quot;,&quot;credit&quot;:&quot;&quot;,&quot;camera&quot;:&quot;&quot;,&quot;caption&quot;:&quot;&quot;,&quot;created_timestamp&quot;:&quot;0&quot;,&quot;copyright&quot;:&quot;&quot;,&quot;focal_length&quot;:&quot;0&quot;,&quot;iso&quot;:&quot;0&quot;,&quot;shutter_speed&quot;:&quot;0&quot;,&quot;title&quot;:&quot;&quot;,&quot;orientation&quot;:&quot;1&quot;}\" data-image-title=\"IMG-20250429-WA0022a\" data-image-description=\"\" data-medium-file=\"https:\/\/zspmeszna.edu.pl\/przedszkole\/wp-content\/uploads\/2025\/04\/IMG-20250429-WA0022a-300x300.jpg\" data-large-file=\"https:\/\/zspmeszna.edu.pl\/przedszkole\/wp-content\/uploads\/2025\/04\/IMG-20250429-WA0022a-1024x1024.jpg\" style=\"margin: 2px\" src=\"https:\/\/zspmeszna.edu.pl\/przedszkole\/wp-content\/uploads\/2025\/04\/IMG-20250429-WA0022a-300x300.jpg\" width=636 height=636 title=\"IMG-20250429-WA0022a\" \/><\/a><\/div><\/div>\n<p>W naszym przedszkolu dbamy o rozw\u00f3j psychoruchowy naszych podopiecznych, a tak\u017ce o ich dobre samopoczucie oraz rozw\u00f3j emocjonalno-spo\u0142eczny. Pomocy w tym<br \/>\nzakresie udziela psycholog przedszkolny. Jego g\u0142\u00f3wn\u0105 rol\u0105 jest zapewnienie wsparcia dzieciom w budowaniu zdrowej to\u017csamo\u015bci, umiej\u0119tno\u015bci rozwi\u0105zywania problem\u00f3w i radzenia sobie ze stresem. Obecno\u015b\u0107 psychologa jest dowodem na nasze zaanga\u017cowanie w dobrostan ka\u017cdego przedszkolaka oraz d\u0105\u017cenie do stworzenia przyjaznego i wspieraj\u0105cego \u015brodowiska przedszkolnego.<\/p>\n<p>Rola psychologa przedszkolnego<br \/>\n1. Udzielanie podopiecznym przedszkola wsparcia emocjonalnego:<br \/>\n\u2013 pomoc nabywaniu umiej\u0119tno\u015bci odczytywania emocji w\u0142asnych oraz innych os\u00f3b i w\u0142a\u015bciwego reagowania na nie;<br \/>\n\u2013 rozwijanie empatii;<br \/>\n\u2013 pomoc w konstruktywnym radzeniu sobie z negatywnymi emocjami jak z\u0142o\u015b\u0107, strach czy smutek;<br \/>\n\u2013 wzmacnianie poczucia w\u0142asnej warto\u015bci, wiary w swoje zdolno\u015bci i mo\u017cliwo\u015bci.<br \/>\n2. Udzielanie dzieciom wsparcia w zakresie rozwoju spo\u0142ecznego:<br \/>\n\u2013 nauka rozumienia r\u00f3\u017cnych sytuacji spo\u0142ecznych i prawid\u0142owego reagowania na nie;<br \/>\n\u2013 modelowanie zachowa\u0144 akceptowanych spo\u0142ecznie;<br \/>\n\u2013 pomoc w nawi\u0105zywaniu pozytywnych relacji z r\u00f3wie\u015bnikami, w rozwi\u0105zywaniu sytuacji konfliktowych;<br \/>\n\u2013 zrozumienie, \u017ce ka\u017cdy jest tak samo wa\u017cny, ma w trakcie zaj\u0119\u0107 r\u00f3wne prawa i obowi\u0105zki i nie nale\u017cy nikogo dyskryminowa\u0107, nauka tolerancji;<br \/>\n\u2013 rozwijanie umiej\u0119tno\u015bci poszukiwania pomocy oraz wsparcia w otoczeniu i korzystania z niego.<br \/>\n3. Rozpoznawanie trudno\u015bci:<br \/>\n\u2013 psycholog przedszkolny jest w stanie zidentyfikowa\u0107 ewentualne trudno\u015bci rozwojowe lub zachowania, kt\u00f3re mog\u0105 wymaga\u0107 dalszej uwagi i pomocy;<\/p>\n<p>\u2013 uwa\u017cnie obserwuje zachowania dzieci i dokonuje ich analizy;<br \/>\n\u2013 opracowuje programy, plany i strategie wsparcia dostosowane do indywidualnych potrzeb dzieci (wsp\u00f3lnie z nauczycielami przedszkola i innymi specjalistami).<br \/>\n4. Udzielanie wsparcia rodzicom\/opiekunom:<br \/>\n\u2013 wsp\u00f3\u0142praca z rodzicami;<br \/>\n\u2013 udzielanie porad i wskaz\u00f3wek dotycz\u0105cych wspierania rozwoju dziecka;<br \/>\n\u2013 konsultacje w zale\u017cno\u015bci od bie\u017c\u0105cych potrzeb i sytuacji w celu zapewnienia sp\u00f3jnego i skoordynowanego wsparcia dla dzieci.<br \/>\n5. Wsp\u00f3\u0142praca z nauczycielami przedszkola i innymi specjalistami:<br \/>\n\u2013 udzielanie porad i wskaz\u00f3wek dotycz\u0105cych wspierania rozwoju dziecka;<br \/>\n\u2013 konsultacje w zale\u017cno\u015bci od bie\u017c\u0105cych potrzeb i sytuacji;<br \/>\n\u2013 wymiana spostrze\u017ce\u0144 oraz informacji.<br \/>\n6. Terapia i interwencja:<br \/>\n\u2013 w razie potrzeby psycholog udziela wsparcia dzieciom w bie\u017c\u0105cych trudnych sytuacjach pojawiaj\u0105cych si\u0119 w przedszkolu;<br \/>\n\u2013 prowadzi terapie indywidualne lub grupowe, aby pom\u00f3c dzieciom w radzeniu sobie z trudno\u015bciami emocjonalnymi lub spo\u0142ecznymi, pomoc psychologiczno-pedagogiczna;<br \/>\n\u2013 udziela wsparcia podopiecznym, kt\u00f3rzy posiadaj\u0105 orzeczenie o potrzebie kszta\u0142cenia specjalnego, b\u0105d\u017a opini\u0119 o potrzebie wczesnego wspomagania rozwoju, a tak\u017ce ich rodzicom\/opiekunom i wychowawcom.<\/p>\n<p><strong>Wsparcia psychologicznego w naszym przedszkolu udziela mgr Ewelina Kostko.<\/strong><br \/>\n<strong>Godziny pracy:<\/strong><br \/>\n<strong>Poniedzia\u0142ki 7:00 \u2013 11:00<\/strong><\/p>\n","protected":false},"excerpt":{"rendered":"<p>W naszym przedszkolu dbamy o rozw\u00f3j psychoruchowy naszych podopiecznych, a tak\u017ce o ich dobre samopoczucie oraz rozw\u00f3j emocjonalno-spo\u0142eczny. Pomocy w tym zakresie udziela psycholog przedszkolny. Jego g\u0142\u00f3wn\u0105 rol\u0105 jest zapewnienie wsparcia dzieciom w budowaniu zdrowej to\u017csamo\u015bci, umiej\u0119tno\u015bci rozwi\u0105zywania problem\u00f3w i radzenia sobie ze stresem. Obecno\u015b\u0107 psychologa jest dowodem na nasze zaanga\u017cowanie w dobrostan ka\u017cdego przedszkolaka [&hellip;]<\/p>\n","protected":false},"author":1,"featured_media":0,"parent":0,"menu_order":0,"comment_status":"closed","ping_status":"closed","template":"","meta":{"footnotes":""},"class_list":["post-343","page","type-page","status-publish","hentry"],"_links":{"self":[{"href":"https:\/\/zspmeszna.edu.pl\/przedszkole\/index.php?rest_route=\/wp\/v2\/pages\/343","targetHints":{"allow":["GET"]}}],"collection":[{"href":"https:\/\/zspmeszna.edu.pl\/przedszkole\/index.php?rest_route=\/wp\/v2\/pages"}],"about":[{"href":"https:\/\/zspmeszna.edu.pl\/przedszkole\/index.php?rest_route=\/wp\/v2\/types\/page"}],"author":[{"embeddable":true,"href":"https:\/\/zspmeszna.edu.pl\/przedszkole\/index.php?rest_route=\/wp\/v2\/users\/1"}],"replies":[{"embeddable":true,"href":"https:\/\/zspmeszna.edu.pl\/przedszkole\/index.php?rest_route=%2Fwp%2Fv2%2Fcomments&post=343"}],"version-history":[{"count":8,"href":"https:\/\/zspmeszna.edu.pl\/przedszkole\/index.php?rest_route=\/wp\/v2\/pages\/343\/revisions"}],"predecessor-version":[{"id":883,"href":"https:\/\/zspmeszna.edu.pl\/przedszkole\/index.php?rest_route=\/wp\/v2\/pages\/343\/revisions\/883"}],"wp:attachment":[{"href":"https:\/\/zspmeszna.edu.pl\/przedszkole\/index.php?rest_route=%2Fwp%2Fv2%2Fmedia&parent=343"}],"curies":[{"name":"wp","href":"https:\/\/api.w.org\/{rel}","templated":true}]}}