{"id":349,"date":"2024-11-24T23:04:23","date_gmt":"2024-11-24T23:04:23","guid":{"rendered":"https:\/\/zspmeszna.edu.pl\/przedszkole\/?page_id=349"},"modified":"2025-04-29T14:15:37","modified_gmt":"2025-04-29T14:15:37","slug":"integracja-sensoryczna","status":"publish","type":"page","link":"https:\/\/zspmeszna.edu.pl\/przedszkole\/?page_id=349","title":{"rendered":"Integracja sensoryczna"},"content":{"rendered":"<p><img loading=\"lazy\" decoding=\"async\" class=\"alignleft wp-image-899 size-large\" src=\"https:\/\/zspmeszna.edu.pl\/przedszkole\/wp-content\/uploads\/2025\/04\/20230831_132852-1-1024x768.jpg\" alt=\"\" width=\"640\" height=\"480\" srcset=\"https:\/\/zspmeszna.edu.pl\/przedszkole\/wp-content\/uploads\/2025\/04\/20230831_132852-1-1024x768.jpg 1024w, https:\/\/zspmeszna.edu.pl\/przedszkole\/wp-content\/uploads\/2025\/04\/20230831_132852-1-300x225.jpg 300w, https:\/\/zspmeszna.edu.pl\/przedszkole\/wp-content\/uploads\/2025\/04\/20230831_132852-1-768x576.jpg 768w, https:\/\/zspmeszna.edu.pl\/przedszkole\/wp-content\/uploads\/2025\/04\/20230831_132852-1-1536x1152.jpg 1536w, https:\/\/zspmeszna.edu.pl\/przedszkole\/wp-content\/uploads\/2025\/04\/20230831_132852-1.jpg 2000w\" sizes=\"auto, (max-width: 640px) 100vw, 640px\" \/><\/p>\n<p>Terapia integracji sensorycznej to ukierunkowana zabawa, w trakcie kt\u00f3rej dziecko ma przekonanie, \u017ce tworzy zaj\u0119cia wsp\u00f3lnie z terapeut\u0105<strong>.<\/strong>\u00a0Terapeuta w trakcie zaj\u0119\u0107 stymuluje zmys\u0142y dziecka oraz usprawnia motoryk\u0119 ma\u0142\u0105 i du\u017c\u0105 oraz koordynacj\u0119 wzrokowo-ruchow\u0105.<\/p>\n<p>Zadaniem terapii SI jest dostarczenie dziecku, podczas jego aktywno\u015bci ruchowej, kontrolowanej ilo\u015bci bod\u017ac\u00f3w sensorycznych, wywo\u0142uj\u0105cych w konsekwencji popraw\u0119 integracji bod\u017ac\u00f3w docieraj\u0105cych do dziecka zar\u00f3wno z otoczenia, jak i z jego cia\u0142a. Terapeuta stosuj\u0105c odpowiednie techniki eliminuje, wyhamowuje lub ogranicza niepo\u017c\u0105dane bod\u017ace jak r\u00f3wnie\u017c dostarcza silnych bod\u017ac\u00f3w.<\/p>\n<p>Terapi\u0119 SI zaleca si\u0119 dzieciom z zaburzeniami sensorycznymi, kt\u00f3re mog\u0105 mie\u0107 trudno\u015bci w wielu aspektach m. in:<\/p>\n<ul>\n<li>wykazuj\u0105 nadwra\u017cliwo\u015b\u0107 na dotyk<\/li>\n<li>\u00a0nie chc\u0105 ubiera\u0107 ubra\u0144 z metkami<\/li>\n<li>\u00a0nie lubi\u0105 bawi\u0107 si\u0119 w piasku<\/li>\n<li>\u00a0ci\u0105gle si\u0119 potykaj\u0105, przewracaj\u0105<\/li>\n<li>\u00a0popychaj\u0105 inne dzieci, rzucaj\u0105 zabawkami w innych<\/li>\n<li>\u00a0robi\u0105 rzeczy, kt\u00f3re uznaje si\u0119 za przejaw agresji<\/li>\n<li>\u00a0maj\u0105 wybi\u00f3rczo\u015b\u0107 pokarmow\u0105<\/li>\n<li>\u00a0s\u0105 ci\u0105gle pobudzone i zdenerwowane<\/li>\n<li>\u00a0maj\u0105 problemy z rysowaniem<\/li>\n<li>\u00a0cz\u0119sto przybieraj\u0105 negatywn\u0105 postaw\u0119<\/li>\n<li>\u00a0maja problemy z napi\u0119ciem mi\u0119\u015bniowym<\/li>\n<li>\u00a0boj\u0105 si\u0119 g\u0142o\u015bnych d\u017awi\u0119k\u00f3w lub wr\u0119cz odwrotnie szukaj\u0105 bod\u017ac\u00f3w \u00a0\u00a0s\u0142uchowych w postaci g\u0142o\u015bnej muzyki<\/li>\n<li>\u00a0mog\u0105 by\u0107 bardzo ostro\u017cne, wielu rzeczy si\u0119 boj\u0105<\/li>\n<li>oraz wiele innych<\/li>\n<\/ul>\n<p>Wszystkie \u0107wiczenia terapeuta dostosowuje do mo\u017cliwo\u015bci i poziomu rozwojowego dziecka. Na sali integracji sensorycznej znajduj\u0105 si\u0119 hamaki, hu\u015btawki, platformy r\u00f3wnowa\u017cne i du\u017ce pi\u0142ki. W czasie \u0107wicze\u0144 dziecko usprawnia bazowe systemy sensoryczne i procesy nerwowe, kt\u00f3re le\u017c\u0105 u pod\u0142o\u017ca r\u00f3\u017cnych umiej\u0119tno\u015bci. Nast\u0119puje integracja bod\u017ac\u00f3w zmys\u0142owych, co b\u0119dzie mia\u0142o ogromny wp\u0142yw na p\u00f3\u017aniejsz\u0105 nauk\u0119 pisania, czytania czy jazdy na rowerze. Na postawienie diagnozy i\u00a0rozpocz\u0119cie terapii\u00a0nigdy nie jest za p\u00f3\u017ano, jednak warto trzyma\u0107 r\u0119k\u0119 na pulsie \u2013 im wcze\u015bniej zauwa\u017cymy problemy z integracj\u0105 sensoryczn\u0105 i skontaktujemy si\u0119 z terapeut\u0105, tym szybciej osi\u0105gniemy zadowalaj\u0105ce efekty.<\/p>\n","protected":false},"excerpt":{"rendered":"<p>Terapia integracji sensorycznej to ukierunkowana zabawa, w trakcie kt\u00f3rej dziecko ma przekonanie, \u017ce tworzy zaj\u0119cia wsp\u00f3lnie z terapeut\u0105.\u00a0Terapeuta w trakcie zaj\u0119\u0107 stymuluje zmys\u0142y dziecka oraz usprawnia motoryk\u0119 ma\u0142\u0105 i du\u017c\u0105 oraz koordynacj\u0119 wzrokowo-ruchow\u0105. Zadaniem terapii SI jest dostarczenie dziecku, podczas jego aktywno\u015bci ruchowej, kontrolowanej ilo\u015bci bod\u017ac\u00f3w sensorycznych, wywo\u0142uj\u0105cych w konsekwencji popraw\u0119 integracji bod\u017ac\u00f3w docieraj\u0105cych do [&hellip;]<\/p>\n","protected":false},"author":1,"featured_media":0,"parent":0,"menu_order":0,"comment_status":"closed","ping_status":"closed","template":"","meta":{"footnotes":""},"class_list":["post-349","page","type-page","status-publish","hentry"],"_links":{"self":[{"href":"https:\/\/zspmeszna.edu.pl\/przedszkole\/index.php?rest_route=\/wp\/v2\/pages\/349","targetHints":{"allow":["GET"]}}],"collection":[{"href":"https:\/\/zspmeszna.edu.pl\/przedszkole\/index.php?rest_route=\/wp\/v2\/pages"}],"about":[{"href":"https:\/\/zspmeszna.edu.pl\/przedszkole\/index.php?rest_route=\/wp\/v2\/types\/page"}],"author":[{"embeddable":true,"href":"https:\/\/zspmeszna.edu.pl\/przedszkole\/index.php?rest_route=\/wp\/v2\/users\/1"}],"replies":[{"embeddable":true,"href":"https:\/\/zspmeszna.edu.pl\/przedszkole\/index.php?rest_route=%2Fwp%2Fv2%2Fcomments&post=349"}],"version-history":[{"count":3,"href":"https:\/\/zspmeszna.edu.pl\/przedszkole\/index.php?rest_route=\/wp\/v2\/pages\/349\/revisions"}],"predecessor-version":[{"id":901,"href":"https:\/\/zspmeszna.edu.pl\/przedszkole\/index.php?rest_route=\/wp\/v2\/pages\/349\/revisions\/901"}],"wp:attachment":[{"href":"https:\/\/zspmeszna.edu.pl\/przedszkole\/index.php?rest_route=%2Fwp%2Fv2%2Fmedia&parent=349"}],"curies":[{"name":"wp","href":"https:\/\/api.w.org\/{rel}","templated":true}]}}