{"id":518,"date":"2025-01-16T14:31:18","date_gmt":"2025-01-16T14:31:18","guid":{"rendered":"https:\/\/zspmeszna.edu.pl\/przedszkole\/?page_id=518"},"modified":"2025-01-16T14:46:15","modified_gmt":"2025-01-16T14:46:15","slug":"domowe-jedzenie","status":"publish","type":"page","link":"https:\/\/zspmeszna.edu.pl\/przedszkole\/?page_id=518","title":{"rendered":"Domowe jedzenie"},"content":{"rendered":"<p style=\"text-align: center;\">Jedzenie w naszym przedszkolu sporz\u0105dzane jest z wielk\u0105 pasj\u0105 przez pani\u0105 Ol\u0119 i Magd\u0119. Posi\u0142ki spe\u0142niaj\u0105 wszelkie normy oraz kryteria ministerialne. R\u00f3\u017cnorodno\u015b\u0107 jad\u0142ospisu zosta\u0142a doceniona podczas kontroli Sanepidu a tak\u017ce przez naszych najwi\u0119kszych smakoszy &#8211; dzieci!<\/p>\n<div data-carousel-extra='{\"blog_id\":1,\"permalink\":\"https:\\\/\\\/zspmeszna.edu.pl\\\/przedszkole\\\/?page_id=518\"}' class=\"tiled-gallery type-rectangular\" data-original-width=\"640\"><div class=\"gallery-row\" style=\"width: 635px; height: 206px;\"><div class=\"gallery-group images-1\" style=\"width: 159px; height: 210px;\"><div class=\"tiled-gallery-item tiled-gallery-item-full\"><a href=\"https:\/\/zspmeszna.edu.pl\/przedszkole\/?attachment_id=522\"><img loading=\"lazy\" decoding=\"async\" data-attachment-id=\"522\" data-orig-file=\"https:\/\/zspmeszna.edu.pl\/przedszkole\/wp-content\/uploads\/2025\/01\/20241010_143219.jpg\" data-orig-size=\"1500,2000\" data-comments-opened=\"0\" data-image-meta=\"{&quot;aperture&quot;:&quot;0&quot;,&quot;credit&quot;:&quot;&quot;,&quot;camera&quot;:&quot;&quot;,&quot;caption&quot;:&quot;&quot;,&quot;created_timestamp&quot;:&quot;1728570739&quot;,&quot;copyright&quot;:&quot;&quot;,&quot;focal_length&quot;:&quot;0&quot;,&quot;iso&quot;:&quot;0&quot;,&quot;shutter_speed&quot;:&quot;0&quot;,&quot;title&quot;:&quot;&quot;,&quot;orientation&quot;:&quot;0&quot;}\" data-image-title=\"20241010_143219\" data-image-description=\"\" data-medium-file=\"https:\/\/zspmeszna.edu.pl\/przedszkole\/wp-content\/uploads\/2025\/01\/20241010_143219-225x300.jpg\" data-large-file=\"https:\/\/zspmeszna.edu.pl\/przedszkole\/wp-content\/uploads\/2025\/01\/20241010_143219-768x1024.jpg\" src=\"https:\/\/zspmeszna.edu.pl\/przedszkole\/wp-content\/uploads\/2025\/01\/20241010_143219.jpg\" width=\"155\" height=\"206\" align=\"left\" title=\"20241010_143219\" \/><\/a><\/div><\/div><div class=\"gallery-group images-1\" style=\"width: 159px; height: 210px;\"><div class=\"tiled-gallery-item tiled-gallery-item-full\"><a href=\"https:\/\/zspmeszna.edu.pl\/przedszkole\/?attachment_id=520\"><img loading=\"lazy\" decoding=\"async\" data-attachment-id=\"520\" data-orig-file=\"https:\/\/zspmeszna.edu.pl\/przedszkole\/wp-content\/uploads\/2025\/01\/20240926_121748.jpg\" data-orig-size=\"1500,2000\" data-comments-opened=\"0\" data-image-meta=\"{&quot;aperture&quot;:&quot;0&quot;,&quot;credit&quot;:&quot;&quot;,&quot;camera&quot;:&quot;&quot;,&quot;caption&quot;:&quot;&quot;,&quot;created_timestamp&quot;:&quot;1727353068&quot;,&quot;copyright&quot;:&quot;&quot;,&quot;focal_length&quot;:&quot;0&quot;,&quot;iso&quot;:&quot;0&quot;,&quot;shutter_speed&quot;:&quot;0&quot;,&quot;title&quot;:&quot;&quot;,&quot;orientation&quot;:&quot;0&quot;}\" data-image-title=\"20240926_121748\" data-image-description=\"\" data-medium-file=\"https:\/\/zspmeszna.edu.pl\/przedszkole\/wp-content\/uploads\/2025\/01\/20240926_121748-225x300.jpg\" data-large-file=\"https:\/\/zspmeszna.edu.pl\/przedszkole\/wp-content\/uploads\/2025\/01\/20240926_121748-768x1024.jpg\" src=\"https:\/\/zspmeszna.edu.pl\/przedszkole\/wp-content\/uploads\/2025\/01\/20240926_121748.jpg\" width=\"155\" height=\"206\" align=\"left\" title=\"20240926_121748\" \/><\/a><\/div><\/div><div class=\"gallery-group images-1\" style=\"width: 159px; height: 210px;\"><div class=\"tiled-gallery-item tiled-gallery-item-full\"><a href=\"https:\/\/zspmeszna.edu.pl\/przedszkole\/?attachment_id=521\"><img loading=\"lazy\" decoding=\"async\" data-attachment-id=\"521\" data-orig-file=\"https:\/\/zspmeszna.edu.pl\/przedszkole\/wp-content\/uploads\/2025\/01\/20240926_140949.jpg\" data-orig-size=\"1500,2000\" data-comments-opened=\"0\" data-image-meta=\"{&quot;aperture&quot;:&quot;0&quot;,&quot;credit&quot;:&quot;&quot;,&quot;camera&quot;:&quot;&quot;,&quot;caption&quot;:&quot;&quot;,&quot;created_timestamp&quot;:&quot;1727359790&quot;,&quot;copyright&quot;:&quot;&quot;,&quot;focal_length&quot;:&quot;0&quot;,&quot;iso&quot;:&quot;0&quot;,&quot;shutter_speed&quot;:&quot;0&quot;,&quot;title&quot;:&quot;&quot;,&quot;orientation&quot;:&quot;0&quot;}\" data-image-title=\"20240926_140949\" data-image-description=\"\" data-medium-file=\"https:\/\/zspmeszna.edu.pl\/przedszkole\/wp-content\/uploads\/2025\/01\/20240926_140949-225x300.jpg\" data-large-file=\"https:\/\/zspmeszna.edu.pl\/przedszkole\/wp-content\/uploads\/2025\/01\/20240926_140949-768x1024.jpg\" src=\"https:\/\/zspmeszna.edu.pl\/przedszkole\/wp-content\/uploads\/2025\/01\/20240926_140949.jpg\" width=\"155\" height=\"206\" align=\"left\" title=\"20240926_140949\" \/><\/a><\/div><\/div><div class=\"gallery-group images-1\" style=\"width: 158px; height: 210px;\"><div class=\"tiled-gallery-item tiled-gallery-item-full\"><a href=\"https:\/\/zspmeszna.edu.pl\/przedszkole\/?attachment_id=527\"><img loading=\"lazy\" decoding=\"async\" data-attachment-id=\"527\" data-orig-file=\"https:\/\/zspmeszna.edu.pl\/przedszkole\/wp-content\/uploads\/2025\/01\/20241107_133732-rotated.jpg\" data-orig-size=\"1500,2000\" data-comments-opened=\"0\" data-image-meta=\"{&quot;aperture&quot;:&quot;0&quot;,&quot;credit&quot;:&quot;&quot;,&quot;camera&quot;:&quot;&quot;,&quot;caption&quot;:&quot;&quot;,&quot;created_timestamp&quot;:&quot;1730986652&quot;,&quot;copyright&quot;:&quot;&quot;,&quot;focal_length&quot;:&quot;0&quot;,&quot;iso&quot;:&quot;0&quot;,&quot;shutter_speed&quot;:&quot;0&quot;,&quot;title&quot;:&quot;&quot;,&quot;orientation&quot;:&quot;1&quot;}\" data-image-title=\"20241107_133732\" data-image-description=\"\" data-medium-file=\"https:\/\/zspmeszna.edu.pl\/przedszkole\/wp-content\/uploads\/2025\/01\/20241107_133732-225x300.jpg\" data-large-file=\"https:\/\/zspmeszna.edu.pl\/przedszkole\/wp-content\/uploads\/2025\/01\/20241107_133732-768x1024.jpg\" src=\"https:\/\/zspmeszna.edu.pl\/przedszkole\/wp-content\/uploads\/2025\/01\/20241107_133732-rotated.jpg\" width=\"154\" height=\"206\" align=\"left\" title=\"20241107_133732\" \/><\/a><\/div><\/div><\/div><div class=\"gallery-row\" style=\"width: 635px; height: 277px;\"><div class=\"gallery-group images-1\" style=\"width: 212px; height: 281px;\"><div class=\"tiled-gallery-item tiled-gallery-item-full\"><a href=\"https:\/\/zspmeszna.edu.pl\/przedszkole\/?attachment_id=524\"><img loading=\"lazy\" decoding=\"async\" data-attachment-id=\"524\" data-orig-file=\"https:\/\/zspmeszna.edu.pl\/przedszkole\/wp-content\/uploads\/2025\/01\/20241030_131857-rotated.jpg\" data-orig-size=\"1500,2000\" data-comments-opened=\"0\" data-image-meta=\"{&quot;aperture&quot;:&quot;0&quot;,&quot;credit&quot;:&quot;&quot;,&quot;camera&quot;:&quot;&quot;,&quot;caption&quot;:&quot;&quot;,&quot;created_timestamp&quot;:&quot;1730294338&quot;,&quot;copyright&quot;:&quot;&quot;,&quot;focal_length&quot;:&quot;0&quot;,&quot;iso&quot;:&quot;0&quot;,&quot;shutter_speed&quot;:&quot;0&quot;,&quot;title&quot;:&quot;&quot;,&quot;orientation&quot;:&quot;1&quot;}\" data-image-title=\"20241030_131857\" data-image-description=\"\" data-medium-file=\"https:\/\/zspmeszna.edu.pl\/przedszkole\/wp-content\/uploads\/2025\/01\/20241030_131857-225x300.jpg\" data-large-file=\"https:\/\/zspmeszna.edu.pl\/przedszkole\/wp-content\/uploads\/2025\/01\/20241030_131857-768x1024.jpg\" src=\"https:\/\/zspmeszna.edu.pl\/przedszkole\/wp-content\/uploads\/2025\/01\/20241030_131857-rotated.jpg\" width=\"208\" height=\"277\" align=\"left\" title=\"20241030_131857\" \/><\/a><\/div><\/div><div class=\"gallery-group images-1\" style=\"width: 212px; height: 281px;\"><div class=\"tiled-gallery-item tiled-gallery-item-full\"><a href=\"https:\/\/zspmeszna.edu.pl\/przedszkole\/?attachment_id=523\"><img loading=\"lazy\" decoding=\"async\" data-attachment-id=\"523\" data-orig-file=\"https:\/\/zspmeszna.edu.pl\/przedszkole\/wp-content\/uploads\/2025\/01\/20241029_140230.jpg\" data-orig-size=\"1500,2000\" data-comments-opened=\"0\" data-image-meta=\"{&quot;aperture&quot;:&quot;0&quot;,&quot;credit&quot;:&quot;&quot;,&quot;camera&quot;:&quot;&quot;,&quot;caption&quot;:&quot;&quot;,&quot;created_timestamp&quot;:&quot;1730210550&quot;,&quot;copyright&quot;:&quot;&quot;,&quot;focal_length&quot;:&quot;0&quot;,&quot;iso&quot;:&quot;0&quot;,&quot;shutter_speed&quot;:&quot;0&quot;,&quot;title&quot;:&quot;&quot;,&quot;orientation&quot;:&quot;0&quot;}\" data-image-title=\"20241029_140230\" data-image-description=\"\" data-medium-file=\"https:\/\/zspmeszna.edu.pl\/przedszkole\/wp-content\/uploads\/2025\/01\/20241029_140230-225x300.jpg\" data-large-file=\"https:\/\/zspmeszna.edu.pl\/przedszkole\/wp-content\/uploads\/2025\/01\/20241029_140230-768x1024.jpg\" src=\"https:\/\/zspmeszna.edu.pl\/przedszkole\/wp-content\/uploads\/2025\/01\/20241029_140230.jpg\" width=\"208\" height=\"277\" align=\"left\" title=\"20241029_140230\" \/><\/a><\/div><\/div><div class=\"gallery-group images-1\" style=\"width: 211px; height: 281px;\"><div class=\"tiled-gallery-item tiled-gallery-item-full\"><a href=\"https:\/\/zspmeszna.edu.pl\/przedszkole\/?attachment_id=525\"><img loading=\"lazy\" decoding=\"async\" data-attachment-id=\"525\" data-orig-file=\"https:\/\/zspmeszna.edu.pl\/przedszkole\/wp-content\/uploads\/2025\/01\/20241031_121837-rotated.jpg\" data-orig-size=\"1500,2000\" data-comments-opened=\"0\" data-image-meta=\"{&quot;aperture&quot;:&quot;0&quot;,&quot;credit&quot;:&quot;&quot;,&quot;camera&quot;:&quot;&quot;,&quot;caption&quot;:&quot;&quot;,&quot;created_timestamp&quot;:&quot;1730377118&quot;,&quot;copyright&quot;:&quot;&quot;,&quot;focal_length&quot;:&quot;0&quot;,&quot;iso&quot;:&quot;0&quot;,&quot;shutter_speed&quot;:&quot;0&quot;,&quot;title&quot;:&quot;&quot;,&quot;orientation&quot;:&quot;1&quot;}\" data-image-title=\"20241031_121837\" data-image-description=\"\" data-medium-file=\"https:\/\/zspmeszna.edu.pl\/przedszkole\/wp-content\/uploads\/2025\/01\/20241031_121837-225x300.jpg\" data-large-file=\"https:\/\/zspmeszna.edu.pl\/przedszkole\/wp-content\/uploads\/2025\/01\/20241031_121837-768x1024.jpg\" src=\"https:\/\/zspmeszna.edu.pl\/przedszkole\/wp-content\/uploads\/2025\/01\/20241031_121837-rotated.jpg\" width=\"207\" height=\"277\" align=\"left\" title=\"20241031_121837\" \/><\/a><\/div><\/div><\/div><div class=\"gallery-row\" style=\"width: 635px; height: 315px;\"><div class=\"gallery-group images-1\" style=\"width: 424px; height: 319px;\"><div class=\"tiled-gallery-item tiled-gallery-item-full\"><a href=\"https:\/\/zspmeszna.edu.pl\/przedszkole\/?attachment_id=519\"><img loading=\"lazy\" decoding=\"async\" data-attachment-id=\"519\" data-orig-file=\"https:\/\/zspmeszna.edu.pl\/przedszkole\/wp-content\/uploads\/2025\/01\/20240925_1357251.jpg\" data-orig-size=\"2000,1500\" data-comments-opened=\"0\" data-image-meta=\"{&quot;aperture&quot;:&quot;0&quot;,&quot;credit&quot;:&quot;&quot;,&quot;camera&quot;:&quot;&quot;,&quot;caption&quot;:&quot;&quot;,&quot;created_timestamp&quot;:&quot;1727272645&quot;,&quot;copyright&quot;:&quot;&quot;,&quot;focal_length&quot;:&quot;0&quot;,&quot;iso&quot;:&quot;0&quot;,&quot;shutter_speed&quot;:&quot;0&quot;,&quot;title&quot;:&quot;&quot;,&quot;orientation&quot;:&quot;1&quot;}\" data-image-title=\"20240925_1357251\" data-image-description=\"\" data-medium-file=\"https:\/\/zspmeszna.edu.pl\/przedszkole\/wp-content\/uploads\/2025\/01\/20240925_1357251-300x225.jpg\" data-large-file=\"https:\/\/zspmeszna.edu.pl\/przedszkole\/wp-content\/uploads\/2025\/01\/20240925_1357251-1024x768.jpg\" src=\"https:\/\/zspmeszna.edu.pl\/przedszkole\/wp-content\/uploads\/2025\/01\/20240925_1357251.jpg\" width=\"420\" height=\"315\" align=\"left\" title=\"20240925_1357251\" \/><\/a><\/div><\/div><div class=\"gallery-group images-2\" style=\"width: 211px; height: 319px;\"><div class=\"tiled-gallery-item tiled-gallery-item-full\"><a href=\"https:\/\/zspmeszna.edu.pl\/przedszkole\/?attachment_id=534\"><img loading=\"lazy\" decoding=\"async\" data-attachment-id=\"534\" data-orig-file=\"https:\/\/zspmeszna.edu.pl\/przedszkole\/wp-content\/uploads\/2025\/01\/20241120_120713.jpg\" data-orig-size=\"2000,1500\" data-comments-opened=\"0\" data-image-meta=\"{&quot;aperture&quot;:&quot;0&quot;,&quot;credit&quot;:&quot;&quot;,&quot;camera&quot;:&quot;&quot;,&quot;caption&quot;:&quot;&quot;,&quot;created_timestamp&quot;:&quot;1732104434&quot;,&quot;copyright&quot;:&quot;&quot;,&quot;focal_length&quot;:&quot;0&quot;,&quot;iso&quot;:&quot;0&quot;,&quot;shutter_speed&quot;:&quot;0&quot;,&quot;title&quot;:&quot;&quot;,&quot;orientation&quot;:&quot;1&quot;}\" data-image-title=\"20241120_120713\" data-image-description=\"\" data-medium-file=\"https:\/\/zspmeszna.edu.pl\/przedszkole\/wp-content\/uploads\/2025\/01\/20241120_120713-300x225.jpg\" data-large-file=\"https:\/\/zspmeszna.edu.pl\/przedszkole\/wp-content\/uploads\/2025\/01\/20241120_120713-1024x768.jpg\" src=\"https:\/\/zspmeszna.edu.pl\/przedszkole\/wp-content\/uploads\/2025\/01\/20241120_120713.jpg\" width=\"207\" height=\"156\" align=\"left\" title=\"20241120_120713\" \/><\/a><\/div><div class=\"tiled-gallery-item tiled-gallery-item-full\"><a href=\"https:\/\/zspmeszna.edu.pl\/przedszkole\/?attachment_id=530\"><img loading=\"lazy\" decoding=\"async\" data-attachment-id=\"530\" data-orig-file=\"https:\/\/zspmeszna.edu.pl\/przedszkole\/wp-content\/uploads\/2025\/01\/20241115_121028-scaled.jpg\" data-orig-size=\"2560,1920\" data-comments-opened=\"0\" data-image-meta=\"{&quot;aperture&quot;:&quot;1.8&quot;,&quot;credit&quot;:&quot;&quot;,&quot;camera&quot;:&quot;SM-A536B&quot;,&quot;caption&quot;:&quot;&quot;,&quot;created_timestamp&quot;:&quot;1731672628&quot;,&quot;copyright&quot;:&quot;&quot;,&quot;focal_length&quot;:&quot;5.23&quot;,&quot;iso&quot;:&quot;64&quot;,&quot;shutter_speed&quot;:&quot;0.02&quot;,&quot;title&quot;:&quot;&quot;,&quot;orientation&quot;:&quot;1&quot;}\" data-image-title=\"20241115_121028\" data-image-description=\"\" data-medium-file=\"https:\/\/zspmeszna.edu.pl\/przedszkole\/wp-content\/uploads\/2025\/01\/20241115_121028-300x225.jpg\" data-large-file=\"https:\/\/zspmeszna.edu.pl\/przedszkole\/wp-content\/uploads\/2025\/01\/20241115_121028-1024x768.jpg\" src=\"https:\/\/zspmeszna.edu.pl\/przedszkole\/wp-content\/uploads\/2025\/01\/20241115_121028-scaled.jpg\" width=\"207\" height=\"155\" align=\"left\" title=\"20241115_121028\" \/><\/a><\/div><\/div><\/div><div class=\"gallery-row\" style=\"width: 635px; height: 528px;\"><div class=\"gallery-group images-1\" style=\"width: 400px; height: 532px;\"><div class=\"tiled-gallery-item tiled-gallery-item-full\"><a href=\"https:\/\/zspmeszna.edu.pl\/przedszkole\/?attachment_id=533\"><img loading=\"lazy\" decoding=\"async\" data-attachment-id=\"533\" data-orig-file=\"https:\/\/zspmeszna.edu.pl\/przedszkole\/wp-content\/uploads\/2025\/01\/20241120_081355.jpg\" data-orig-size=\"1500,2000\" data-comments-opened=\"0\" data-image-meta=\"{&quot;aperture&quot;:&quot;0&quot;,&quot;credit&quot;:&quot;&quot;,&quot;camera&quot;:&quot;&quot;,&quot;caption&quot;:&quot;&quot;,&quot;created_timestamp&quot;:&quot;1732090435&quot;,&quot;copyright&quot;:&quot;&quot;,&quot;focal_length&quot;:&quot;0&quot;,&quot;iso&quot;:&quot;0&quot;,&quot;shutter_speed&quot;:&quot;0&quot;,&quot;title&quot;:&quot;&quot;,&quot;orientation&quot;:&quot;1&quot;}\" data-image-title=\"20241120_081355\" data-image-description=\"\" data-medium-file=\"https:\/\/zspmeszna.edu.pl\/przedszkole\/wp-content\/uploads\/2025\/01\/20241120_081355-225x300.jpg\" data-large-file=\"https:\/\/zspmeszna.edu.pl\/przedszkole\/wp-content\/uploads\/2025\/01\/20241120_081355-768x1024.jpg\" src=\"https:\/\/zspmeszna.edu.pl\/przedszkole\/wp-content\/uploads\/2025\/01\/20241120_081355.jpg\" width=\"396\" height=\"528\" align=\"left\" title=\"20241120_081355\" \/><\/a><\/div><\/div><div class=\"gallery-group images-3\" style=\"width: 235px; height: 532px;\"><div class=\"tiled-gallery-item tiled-gallery-item-full\"><a href=\"https:\/\/zspmeszna.edu.pl\/przedszkole\/?attachment_id=531\"><img loading=\"lazy\" decoding=\"async\" data-attachment-id=\"531\" data-orig-file=\"https:\/\/zspmeszna.edu.pl\/przedszkole\/wp-content\/uploads\/2025\/01\/20241115_121038.jpg\" data-orig-size=\"2000,1500\" data-comments-opened=\"0\" data-image-meta=\"{&quot;aperture&quot;:&quot;0&quot;,&quot;credit&quot;:&quot;&quot;,&quot;camera&quot;:&quot;&quot;,&quot;caption&quot;:&quot;&quot;,&quot;created_timestamp&quot;:&quot;1731672639&quot;,&quot;copyright&quot;:&quot;&quot;,&quot;focal_length&quot;:&quot;0&quot;,&quot;iso&quot;:&quot;0&quot;,&quot;shutter_speed&quot;:&quot;0&quot;,&quot;title&quot;:&quot;&quot;,&quot;orientation&quot;:&quot;1&quot;}\" data-image-title=\"20241115_121038\" data-image-description=\"\" data-medium-file=\"https:\/\/zspmeszna.edu.pl\/przedszkole\/wp-content\/uploads\/2025\/01\/20241115_121038-300x225.jpg\" data-large-file=\"https:\/\/zspmeszna.edu.pl\/przedszkole\/wp-content\/uploads\/2025\/01\/20241115_121038-1024x768.jpg\" src=\"https:\/\/zspmeszna.edu.pl\/przedszkole\/wp-content\/uploads\/2025\/01\/20241115_121038.jpg\" width=\"231\" height=\"174\" align=\"left\" title=\"20241115_121038\" \/><\/a><\/div><div class=\"tiled-gallery-item tiled-gallery-item-full\"><a href=\"https:\/\/zspmeszna.edu.pl\/przedszkole\/?attachment_id=529\"><img loading=\"lazy\" decoding=\"async\" data-attachment-id=\"529\" data-orig-file=\"https:\/\/zspmeszna.edu.pl\/przedszkole\/wp-content\/uploads\/2025\/01\/20241114_120828-1-rotated.jpg\" data-orig-size=\"2000,1500\" data-comments-opened=\"0\" data-image-meta=\"{&quot;aperture&quot;:&quot;0&quot;,&quot;credit&quot;:&quot;&quot;,&quot;camera&quot;:&quot;&quot;,&quot;caption&quot;:&quot;&quot;,&quot;created_timestamp&quot;:&quot;1731586108&quot;,&quot;copyright&quot;:&quot;&quot;,&quot;focal_length&quot;:&quot;0&quot;,&quot;iso&quot;:&quot;0&quot;,&quot;shutter_speed&quot;:&quot;0&quot;,&quot;title&quot;:&quot;&quot;,&quot;orientation&quot;:&quot;1&quot;}\" data-image-title=\"20241114_120828\" data-image-description=\"\" data-medium-file=\"https:\/\/zspmeszna.edu.pl\/przedszkole\/wp-content\/uploads\/2025\/01\/20241114_120828-1-300x225.jpg\" data-large-file=\"https:\/\/zspmeszna.edu.pl\/przedszkole\/wp-content\/uploads\/2025\/01\/20241114_120828-1-1024x768.jpg\" src=\"https:\/\/zspmeszna.edu.pl\/przedszkole\/wp-content\/uploads\/2025\/01\/20241114_120828-1-rotated.jpg\" width=\"231\" height=\"173\" align=\"left\" title=\"20241114_120828\" \/><\/a><\/div><div class=\"tiled-gallery-item tiled-gallery-item-full\"><a href=\"https:\/\/zspmeszna.edu.pl\/przedszkole\/?attachment_id=538\"><img loading=\"lazy\" decoding=\"async\" data-attachment-id=\"538\" data-orig-file=\"https:\/\/zspmeszna.edu.pl\/przedszkole\/wp-content\/uploads\/2025\/01\/20250115_132152.jpg\" data-orig-size=\"2000,1500\" data-comments-opened=\"0\" data-image-meta=\"{&quot;aperture&quot;:&quot;0&quot;,&quot;credit&quot;:&quot;&quot;,&quot;camera&quot;:&quot;&quot;,&quot;caption&quot;:&quot;&quot;,&quot;created_timestamp&quot;:&quot;1736947313&quot;,&quot;copyright&quot;:&quot;&quot;,&quot;focal_length&quot;:&quot;0&quot;,&quot;iso&quot;:&quot;0&quot;,&quot;shutter_speed&quot;:&quot;0&quot;,&quot;title&quot;:&quot;&quot;,&quot;orientation&quot;:&quot;1&quot;}\" data-image-title=\"20250115_132152\" data-image-description=\"\" data-medium-file=\"https:\/\/zspmeszna.edu.pl\/przedszkole\/wp-content\/uploads\/2025\/01\/20250115_132152-300x225.jpg\" data-large-file=\"https:\/\/zspmeszna.edu.pl\/przedszkole\/wp-content\/uploads\/2025\/01\/20250115_132152-1024x768.jpg\" src=\"https:\/\/zspmeszna.edu.pl\/przedszkole\/wp-content\/uploads\/2025\/01\/20250115_132152.jpg\" width=\"231\" height=\"173\" align=\"left\" title=\"20250115_132152\" \/><\/a><\/div><\/div><\/div><div class=\"gallery-row\" style=\"width: 635px; height: 182px;\"><div class=\"gallery-group images-1\" style=\"width: 247px; height: 186px;\"><div class=\"tiled-gallery-item tiled-gallery-item-full\"><a href=\"https:\/\/zspmeszna.edu.pl\/przedszkole\/?attachment_id=532\"><img loading=\"lazy\" decoding=\"async\" data-attachment-id=\"532\" data-orig-file=\"https:\/\/zspmeszna.edu.pl\/przedszkole\/wp-content\/uploads\/2025\/01\/20241119_122008.jpg\" data-orig-size=\"2000,1500\" data-comments-opened=\"0\" data-image-meta=\"{&quot;aperture&quot;:&quot;0&quot;,&quot;credit&quot;:&quot;&quot;,&quot;camera&quot;:&quot;&quot;,&quot;caption&quot;:&quot;&quot;,&quot;created_timestamp&quot;:&quot;1732018808&quot;,&quot;copyright&quot;:&quot;&quot;,&quot;focal_length&quot;:&quot;0&quot;,&quot;iso&quot;:&quot;0&quot;,&quot;shutter_speed&quot;:&quot;0&quot;,&quot;title&quot;:&quot;&quot;,&quot;orientation&quot;:&quot;1&quot;}\" data-image-title=\"20241119_122008\" data-image-description=\"\" data-medium-file=\"https:\/\/zspmeszna.edu.pl\/przedszkole\/wp-content\/uploads\/2025\/01\/20241119_122008-300x225.jpg\" data-large-file=\"https:\/\/zspmeszna.edu.pl\/przedszkole\/wp-content\/uploads\/2025\/01\/20241119_122008-1024x768.jpg\" src=\"https:\/\/zspmeszna.edu.pl\/przedszkole\/wp-content\/uploads\/2025\/01\/20241119_122008.jpg\" width=\"243\" height=\"182\" align=\"left\" title=\"20241119_122008\" \/><\/a><\/div><\/div><div class=\"gallery-group images-1\" style=\"width: 141px; height: 186px;\"><div class=\"tiled-gallery-item tiled-gallery-item-full\"><a href=\"https:\/\/zspmeszna.edu.pl\/przedszkole\/?attachment_id=536\"><img loading=\"lazy\" decoding=\"async\" data-attachment-id=\"536\" data-orig-file=\"https:\/\/zspmeszna.edu.pl\/przedszkole\/wp-content\/uploads\/2025\/01\/20241125_121200-1-rotated.jpg\" data-orig-size=\"1500,2000\" data-comments-opened=\"0\" data-image-meta=\"{&quot;aperture&quot;:&quot;0&quot;,&quot;credit&quot;:&quot;&quot;,&quot;camera&quot;:&quot;&quot;,&quot;caption&quot;:&quot;&quot;,&quot;created_timestamp&quot;:&quot;1732536720&quot;,&quot;copyright&quot;:&quot;&quot;,&quot;focal_length&quot;:&quot;0&quot;,&quot;iso&quot;:&quot;0&quot;,&quot;shutter_speed&quot;:&quot;0&quot;,&quot;title&quot;:&quot;&quot;,&quot;orientation&quot;:&quot;1&quot;}\" data-image-title=\"20241125_121200\" data-image-description=\"\" data-medium-file=\"https:\/\/zspmeszna.edu.pl\/przedszkole\/wp-content\/uploads\/2025\/01\/20241125_121200-1-225x300.jpg\" data-large-file=\"https:\/\/zspmeszna.edu.pl\/przedszkole\/wp-content\/uploads\/2025\/01\/20241125_121200-1-768x1024.jpg\" src=\"https:\/\/zspmeszna.edu.pl\/przedszkole\/wp-content\/uploads\/2025\/01\/20241125_121200-1-rotated.jpg\" width=\"137\" height=\"182\" align=\"left\" title=\"20241125_121200\" \/><\/a><\/div><\/div><div class=\"gallery-group images-1\" style=\"width: 247px; height: 186px;\"><div class=\"tiled-gallery-item tiled-gallery-item-full\"><a href=\"https:\/\/zspmeszna.edu.pl\/przedszkole\/?attachment_id=526\"><img loading=\"lazy\" decoding=\"async\" data-attachment-id=\"526\" data-orig-file=\"https:\/\/zspmeszna.edu.pl\/przedszkole\/wp-content\/uploads\/2025\/01\/20241107_120111.jpg\" data-orig-size=\"2000,1500\" data-comments-opened=\"0\" data-image-meta=\"{&quot;aperture&quot;:&quot;0&quot;,&quot;credit&quot;:&quot;&quot;,&quot;camera&quot;:&quot;&quot;,&quot;caption&quot;:&quot;&quot;,&quot;created_timestamp&quot;:&quot;1730980871&quot;,&quot;copyright&quot;:&quot;&quot;,&quot;focal_length&quot;:&quot;0&quot;,&quot;iso&quot;:&quot;0&quot;,&quot;shutter_speed&quot;:&quot;0&quot;,&quot;title&quot;:&quot;&quot;,&quot;orientation&quot;:&quot;0&quot;}\" data-image-title=\"20241107_120111\" data-image-description=\"\" data-medium-file=\"https:\/\/zspmeszna.edu.pl\/przedszkole\/wp-content\/uploads\/2025\/01\/20241107_120111-300x225.jpg\" data-large-file=\"https:\/\/zspmeszna.edu.pl\/przedszkole\/wp-content\/uploads\/2025\/01\/20241107_120111-1024x768.jpg\" src=\"https:\/\/zspmeszna.edu.pl\/przedszkole\/wp-content\/uploads\/2025\/01\/20241107_120111.jpg\" width=\"243\" height=\"182\" align=\"left\" title=\"20241107_120111\" \/><\/a><\/div><\/div><\/div><div class=\"gallery-row\" style=\"width: 635px; height: 473px;\"><div class=\"gallery-group images-1\" style=\"width: 635px; height: 477px;\"><div class=\"tiled-gallery-item tiled-gallery-item-full\"><a href=\"https:\/\/zspmeszna.edu.pl\/przedszkole\/?attachment_id=537\"><img loading=\"lazy\" decoding=\"async\" data-attachment-id=\"537\" data-orig-file=\"https:\/\/zspmeszna.edu.pl\/przedszkole\/wp-content\/uploads\/2025\/01\/20250115_121519.jpg\" data-orig-size=\"2000,1500\" data-comments-opened=\"0\" data-image-meta=\"{&quot;aperture&quot;:&quot;0&quot;,&quot;credit&quot;:&quot;&quot;,&quot;camera&quot;:&quot;&quot;,&quot;caption&quot;:&quot;&quot;,&quot;created_timestamp&quot;:&quot;1736943320&quot;,&quot;copyright&quot;:&quot;&quot;,&quot;focal_length&quot;:&quot;0&quot;,&quot;iso&quot;:&quot;0&quot;,&quot;shutter_speed&quot;:&quot;0&quot;,&quot;title&quot;:&quot;&quot;,&quot;orientation&quot;:&quot;1&quot;}\" data-image-title=\"20250115_121519\" data-image-description=\"\" data-medium-file=\"https:\/\/zspmeszna.edu.pl\/przedszkole\/wp-content\/uploads\/2025\/01\/20250115_121519-300x225.jpg\" data-large-file=\"https:\/\/zspmeszna.edu.pl\/przedszkole\/wp-content\/uploads\/2025\/01\/20250115_121519-1024x768.jpg\" src=\"https:\/\/zspmeszna.edu.pl\/przedszkole\/wp-content\/uploads\/2025\/01\/20250115_121519.jpg\" width=\"631\" height=\"473\" align=\"left\" title=\"20250115_121519\" \/><\/a><\/div><\/div><\/div><\/div>\n<p>&nbsp;<\/p>\n","protected":false},"excerpt":{"rendered":"<p>Jedzenie w naszym przedszkolu sporz\u0105dzane jest z wielk\u0105 pasj\u0105 przez pani\u0105 Ol\u0119 i Magd\u0119. Posi\u0142ki spe\u0142niaj\u0105 wszelkie normy oraz kryteria ministerialne. R\u00f3\u017cnorodno\u015b\u0107 jad\u0142ospisu zosta\u0142a doceniona podczas kontroli Sanepidu a tak\u017ce przez naszych najwi\u0119kszych smakoszy &#8211; dzieci! &nbsp;<\/p>\n","protected":false},"author":3,"featured_media":0,"parent":0,"menu_order":0,"comment_status":"closed","ping_status":"closed","template":"","meta":{"footnotes":""},"class_list":["post-518","page","type-page","status-publish","hentry"],"_links":{"self":[{"href":"https:\/\/zspmeszna.edu.pl\/przedszkole\/index.php?rest_route=\/wp\/v2\/pages\/518","targetHints":{"allow":["GET"]}}],"collection":[{"href":"https:\/\/zspmeszna.edu.pl\/przedszkole\/index.php?rest_route=\/wp\/v2\/pages"}],"about":[{"href":"https:\/\/zspmeszna.edu.pl\/przedszkole\/index.php?rest_route=\/wp\/v2\/types\/page"}],"author":[{"embeddable":true,"href":"https:\/\/zspmeszna.edu.pl\/przedszkole\/index.php?rest_route=\/wp\/v2\/users\/3"}],"replies":[{"embeddable":true,"href":"https:\/\/zspmeszna.edu.pl\/przedszkole\/index.php?rest_route=%2Fwp%2Fv2%2Fcomments&post=518"}],"version-history":[{"count":5,"href":"https:\/\/zspmeszna.edu.pl\/przedszkole\/index.php?rest_route=\/wp\/v2\/pages\/518\/revisions"}],"predecessor-version":[{"id":545,"href":"https:\/\/zspmeszna.edu.pl\/przedszkole\/index.php?rest_route=\/wp\/v2\/pages\/518\/revisions\/545"}],"wp:attachment":[{"href":"https:\/\/zspmeszna.edu.pl\/przedszkole\/index.php?rest_route=%2Fwp%2Fv2%2Fmedia&parent=518"}],"curies":[{"name":"wp","href":"https:\/\/api.w.org\/{rel}","templated":true}]}}