{"id":1463,"date":"2025-04-28T20:01:06","date_gmt":"2025-04-28T20:01:06","guid":{"rendered":"https:\/\/zspmeszna.edu.pl\/szkola\/?page_id=1463"},"modified":"2025-04-28T20:14:17","modified_gmt":"2025-04-28T20:14:17","slug":"szkolny-etap-konkursu-recytatorskiego-slonce-slonce-i-zycie","status":"publish","type":"page","link":"https:\/\/zspmeszna.edu.pl\/szkola\/?page_id=1463","title":{"rendered":"SZKOLNY ETAP KONKURSU RECYTATORSKIEGO S\u0141O\u0143CE, S\u0141O\u0143CE I \u017bYCIE"},"content":{"rendered":"<h4><a href=\"https:\/\/zspmeszna.edu.pl\/szkola\/wp-content\/uploads\/2025\/04\/konczyt1.jpg\" data-lbwps-width=\"2000\" data-lbwps-height=\"1500\" data-lbwps-srcsmall=\"https:\/\/zspmeszna.edu.pl\/szkola\/wp-content\/uploads\/2025\/04\/konczyt1-300x225.jpg\"><img loading=\"lazy\" decoding=\"async\" class=\"wp-image-1465 size-medium alignleft\" src=\"https:\/\/zspmeszna.edu.pl\/szkola\/wp-content\/uploads\/2025\/04\/konczyt1-300x225.jpg\" alt=\"\" width=\"300\" height=\"225\" srcset=\"https:\/\/zspmeszna.edu.pl\/szkola\/wp-content\/uploads\/2025\/04\/konczyt1-300x225.jpg 300w, https:\/\/zspmeszna.edu.pl\/szkola\/wp-content\/uploads\/2025\/04\/konczyt1-1024x768.jpg 1024w, https:\/\/zspmeszna.edu.pl\/szkola\/wp-content\/uploads\/2025\/04\/konczyt1-768x576.jpg 768w, https:\/\/zspmeszna.edu.pl\/szkola\/wp-content\/uploads\/2025\/04\/konczyt1-1536x1152.jpg 1536w, https:\/\/zspmeszna.edu.pl\/szkola\/wp-content\/uploads\/2025\/04\/konczyt1-600x450.jpg 600w, https:\/\/zspmeszna.edu.pl\/szkola\/wp-content\/uploads\/2025\/04\/konczyt1.jpg 2000w\" sizes=\"auto, (max-width: 300px) 100vw, 300px\" \/><\/a>SZKOLNY ETAP KONKURSU RECYTATORSKIEGO S\u0141O\u0143CE, S\u0141O\u0143CE I \u017bYCIE<\/h4>\n<p>4 marca w bibliotece szkolnej odby\u0142 si\u0119 szkolny etap konkursu recytatorskiego S\u0141O\u0143CE, S\u0141O\u0143CE I \u017bYCIE. Swoje umiej\u0119tno\u015bci recytatorskie prezentowa\u0142y dzieci w kategoriach klas 1-3 oraz 4-5. Uczniowie fantastycznie przygotowali si\u0119, prezentuj\u0105c fragmenty prozy oraz wiersze. Natomiast 26 marca mia\u0142o miejsce uroczyste rozdanie dyplom\u00f3w oraz nagr\u00f3d. Wszystkim uczestnikom\u00a0 serdecznie dzi\u0119kujemy, a nagrodzonym gratulujemy!!!<\/p>\n<p>klasy I &#8211; III &gt;<\/p>\n<ol>\n<li>II MIEJSCE: Iga Odrow\u0105\u017c<\/li>\n<li>I MIEJSCE: Maria K\u0119pys<\/li>\n<li>III MIEJSCE: Edyta Klaczek<\/li>\n<\/ol>\n<p><a href=\"https:\/\/zspmeszna.edu.pl\/szkola\/wp-content\/uploads\/2025\/04\/konczyt2.jpg\" data-lbwps-width=\"2000\" data-lbwps-height=\"1500\" data-lbwps-srcsmall=\"https:\/\/zspmeszna.edu.pl\/szkola\/wp-content\/uploads\/2025\/04\/konczyt2-300x225.jpg\"><img loading=\"lazy\" decoding=\"async\" class=\"wp-image-1466 size-medium alignright\" src=\"https:\/\/zspmeszna.edu.pl\/szkola\/wp-content\/uploads\/2025\/04\/konczyt2-300x225.jpg\" alt=\"\" width=\"300\" height=\"225\" srcset=\"https:\/\/zspmeszna.edu.pl\/szkola\/wp-content\/uploads\/2025\/04\/konczyt2-300x225.jpg 300w, https:\/\/zspmeszna.edu.pl\/szkola\/wp-content\/uploads\/2025\/04\/konczyt2-1024x768.jpg 1024w, https:\/\/zspmeszna.edu.pl\/szkola\/wp-content\/uploads\/2025\/04\/konczyt2-768x576.jpg 768w, https:\/\/zspmeszna.edu.pl\/szkola\/wp-content\/uploads\/2025\/04\/konczyt2-1536x1152.jpg 1536w, https:\/\/zspmeszna.edu.pl\/szkola\/wp-content\/uploads\/2025\/04\/konczyt2-600x450.jpg 600w, https:\/\/zspmeszna.edu.pl\/szkola\/wp-content\/uploads\/2025\/04\/konczyt2.jpg 2000w\" sizes=\"auto, (max-width: 300px) 100vw, 300px\" \/><\/a>WYR\u00d3\u017bNIENIA:<\/p>\n<ul>\n<li>Filip Kruczek<\/li>\n<li>Aleksandra Odoj<\/li>\n<li>Martyna Legierska<\/li>\n<\/ul>\n<p>klasy IV \u2013 V<\/p>\n<ol>\n<li>I MIEJSCE: Natalia J\u0119dryka<\/li>\n<li>II MIEJSCE: Natalia Kal<\/li>\n<li>III MIEJSCE: Tomasz Pocz\u0105tek,\u00a0 Anna Zemczak<\/li>\n<\/ol>\n<p>WYR\u00d3\u017bNIENIA:<\/p>\n<ul>\n<li>Daria Juraszek<\/li>\n<li>Tomasz Kunczar<\/li>\n<li>Antoni Zynek<\/li>\n<\/ul>\n<div id='gallery-1' class='gallery galleryid-1463 gallery-columns-7 gallery-size-thumbnail'><figure class='gallery-item'>\n\t\t\t<div class='gallery-icon portrait'>\n\t\t\t\t<a href='https:\/\/zspmeszna.edu.pl\/szkola\/?attachment_id=1470' data-lbwps-gid=\"2\"><img loading=\"lazy\" decoding=\"async\" width=\"150\" height=\"150\" src=\"https:\/\/zspmeszna.edu.pl\/szkola\/wp-content\/uploads\/2025\/04\/konczyt6-150x150.jpg\" class=\"attachment-thumbnail size-thumbnail\" alt=\"\" \/><\/a>\n\t\t\t<\/div><\/figure><figure class='gallery-item'>\n\t\t\t<div class='gallery-icon portrait'>\n\t\t\t\t<a href='https:\/\/zspmeszna.edu.pl\/szkola\/?attachment_id=1471' data-lbwps-gid=\"2\"><img loading=\"lazy\" decoding=\"async\" width=\"150\" height=\"150\" src=\"https:\/\/zspmeszna.edu.pl\/szkola\/wp-content\/uploads\/2025\/04\/konczyt7-150x150.jpg\" class=\"attachment-thumbnail size-thumbnail\" alt=\"\" \/><\/a>\n\t\t\t<\/div><\/figure><figure class='gallery-item'>\n\t\t\t<div class='gallery-icon portrait'>\n\t\t\t\t<a href='https:\/\/zspmeszna.edu.pl\/szkola\/?attachment_id=1469' data-lbwps-gid=\"2\"><img loading=\"lazy\" decoding=\"async\" width=\"150\" height=\"150\" src=\"https:\/\/zspmeszna.edu.pl\/szkola\/wp-content\/uploads\/2025\/04\/konczyt5-150x150.jpg\" class=\"attachment-thumbnail size-thumbnail\" alt=\"\" \/><\/a>\n\t\t\t<\/div><\/figure><figure class='gallery-item'>\n\t\t\t<div class='gallery-icon portrait'>\n\t\t\t\t<a href='https:\/\/zspmeszna.edu.pl\/szkola\/?attachment_id=1468' data-lbwps-gid=\"2\"><img loading=\"lazy\" decoding=\"async\" width=\"150\" height=\"150\" src=\"https:\/\/zspmeszna.edu.pl\/szkola\/wp-content\/uploads\/2025\/04\/konczyt4-150x150.jpg\" class=\"attachment-thumbnail size-thumbnail\" alt=\"\" \/><\/a>\n\t\t\t<\/div><\/figure><figure class='gallery-item'>\n\t\t\t<div class='gallery-icon portrait'>\n\t\t\t\t<a href='https:\/\/zspmeszna.edu.pl\/szkola\/?attachment_id=1467' data-lbwps-gid=\"2\"><img loading=\"lazy\" decoding=\"async\" width=\"150\" height=\"150\" src=\"https:\/\/zspmeszna.edu.pl\/szkola\/wp-content\/uploads\/2025\/04\/konczyt3-150x150.jpg\" class=\"attachment-thumbnail size-thumbnail\" alt=\"\" \/><\/a>\n\t\t\t<\/div><\/figure><figure class='gallery-item'>\n\t\t\t<div class='gallery-icon landscape'>\n\t\t\t\t<a href='https:\/\/zspmeszna.edu.pl\/szkola\/?attachment_id=1466' data-lbwps-gid=\"2\"><img loading=\"lazy\" decoding=\"async\" width=\"150\" height=\"150\" src=\"https:\/\/zspmeszna.edu.pl\/szkola\/wp-content\/uploads\/2025\/04\/konczyt2-150x150.jpg\" class=\"attachment-thumbnail size-thumbnail\" alt=\"\" \/><\/a>\n\t\t\t<\/div><\/figure><figure class='gallery-item'>\n\t\t\t<div class='gallery-icon landscape'>\n\t\t\t\t<a href='https:\/\/zspmeszna.edu.pl\/szkola\/?attachment_id=1465' data-lbwps-gid=\"2\"><img loading=\"lazy\" decoding=\"async\" width=\"150\" height=\"150\" src=\"https:\/\/zspmeszna.edu.pl\/szkola\/wp-content\/uploads\/2025\/04\/konczyt1-150x150.jpg\" class=\"attachment-thumbnail size-thumbnail\" alt=\"\" \/><\/a>\n\t\t\t<\/div><\/figure>\n\t\t<\/div>\n\n","protected":false},"excerpt":{"rendered":"<p>SZKOLNY ETAP KONKURSU RECYTATORSKIEGO S\u0141O\u0143CE, S\u0141O\u0143CE I \u017bYCIE 4 marca w bibliotece szkolnej odby\u0142 si\u0119 szkolny etap konkursu recytatorskiego S\u0141O\u0143CE, S\u0141O\u0143CE I \u017bYCIE. Swoje umiej\u0119tno\u015bci recytatorskie prezentowa\u0142y dzieci w kategoriach klas 1-3 oraz 4-5. Uczniowie fantastycznie przygotowali si\u0119, prezentuj\u0105c fragmenty prozy oraz wiersze. Natomiast 26 marca mia\u0142o miejsce uroczyste rozdanie dyplom\u00f3w oraz nagr\u00f3d. Wszystkim uczestnikom\u00a0 [&hellip;]<\/p>\n","protected":false},"author":1,"featured_media":0,"parent":0,"menu_order":0,"comment_status":"closed","ping_status":"closed","template":"","meta":{"footnotes":""},"class_list":["post-1463","page","type-page","status-publish","hentry"],"_links":{"self":[{"href":"https:\/\/zspmeszna.edu.pl\/szkola\/index.php?rest_route=\/wp\/v2\/pages\/1463","targetHints":{"allow":["GET"]}}],"collection":[{"href":"https:\/\/zspmeszna.edu.pl\/szkola\/index.php?rest_route=\/wp\/v2\/pages"}],"about":[{"href":"https:\/\/zspmeszna.edu.pl\/szkola\/index.php?rest_route=\/wp\/v2\/types\/page"}],"author":[{"embeddable":true,"href":"https:\/\/zspmeszna.edu.pl\/szkola\/index.php?rest_route=\/wp\/v2\/users\/1"}],"replies":[{"embeddable":true,"href":"https:\/\/zspmeszna.edu.pl\/szkola\/index.php?rest_route=%2Fwp%2Fv2%2Fcomments&post=1463"}],"version-history":[{"count":6,"href":"https:\/\/zspmeszna.edu.pl\/szkola\/index.php?rest_route=\/wp\/v2\/pages\/1463\/revisions"}],"predecessor-version":[{"id":1476,"href":"https:\/\/zspmeszna.edu.pl\/szkola\/index.php?rest_route=\/wp\/v2\/pages\/1463\/revisions\/1476"}],"wp:attachment":[{"href":"https:\/\/zspmeszna.edu.pl\/szkola\/index.php?rest_route=%2Fwp%2Fv2%2Fmedia&parent=1463"}],"curies":[{"name":"wp","href":"https:\/\/api.w.org\/{rel}","templated":true}]}}