{"id":2398,"date":"2026-03-09T13:33:05","date_gmt":"2026-03-09T13:33:05","guid":{"rendered":"https:\/\/zspmeszna.edu.pl\/szkola\/?page_id=2398"},"modified":"2026-03-10T08:16:23","modified_gmt":"2026-03-10T08:16:23","slug":"luty-w-swietlicy","status":"publish","type":"page","link":"https:\/\/zspmeszna.edu.pl\/szkola\/?page_id=2398","title":{"rendered":"Luty w \u015bwietlicy"},"content":{"rendered":"<div>Luty w \u015bwietlicy szkolnej\u2744\ufe0f<\/div>\n<div><\/div>\n<div>W pierwszym tygodniu lutego rozmawiali\u015bmy o bezpiecznym korzystaniu z Internetu. Dzieci wsp\u00f3lnie stworzy\u0142y zasady, kt\u00f3re pomagaj\u0105 m\u0105drze i bezpiecznie porusza\u0107 si\u0119 w sieci.<\/div>\n<div><\/div>\n<div>W kolejnym tygodniu omawiali\u015bmy, jak bezpiecznie sp\u0119dzi\u0107 ferie zimowe. Powsta\u0142y r\u00f3wnie\u017c pi\u0119kne zimowe prace plastyczne, a z okazji Walentynek dzieci przygotowa\u0142y w\u0142asnor\u0119czne kartki dla kole\u017canek i koleg\u00f3w. \u2764\ufe0f<\/div>\n<div><\/div>\n<div>Nie zabrak\u0142o tak\u017ce wsp\u00f3lnych zabaw w sali oraz aktywno\u015bci na \u015bwie\u017cym powietrzu \u2013 sprzyjaj\u0105ca pogoda pozwoli\u0142a nam cz\u0119sto korzysta\u0107 z placu zabaw.<\/div>\n<div><\/div>\n<div>To by\u0142 bardzo radosny i aktywny miesi\u0105c w naszej \u015bwietlicy!<\/div>\n<div><img loading=\"lazy\" decoding=\"async\" class=\"alignnone size-large wp-image-2406\" src=\"https:\/\/zspmeszna.edu.pl\/szkola\/wp-content\/uploads\/2026\/03\/att.DUIqGT9se6PRpuY02DXtk3Pf6BEdSfWd-WjOzZ33v2Y-1024x1024.jpg\" alt=\"\" width=\"640\" height=\"640\" srcset=\"https:\/\/zspmeszna.edu.pl\/szkola\/wp-content\/uploads\/2026\/03\/att.DUIqGT9se6PRpuY02DXtk3Pf6BEdSfWd-WjOzZ33v2Y-1024x1024.jpg 1024w, https:\/\/zspmeszna.edu.pl\/szkola\/wp-content\/uploads\/2026\/03\/att.DUIqGT9se6PRpuY02DXtk3Pf6BEdSfWd-WjOzZ33v2Y-300x300.jpg 300w, https:\/\/zspmeszna.edu.pl\/szkola\/wp-content\/uploads\/2026\/03\/att.DUIqGT9se6PRpuY02DXtk3Pf6BEdSfWd-WjOzZ33v2Y-150x150.jpg 150w, https:\/\/zspmeszna.edu.pl\/szkola\/wp-content\/uploads\/2026\/03\/att.DUIqGT9se6PRpuY02DXtk3Pf6BEdSfWd-WjOzZ33v2Y-768x768.jpg 768w, https:\/\/zspmeszna.edu.pl\/szkola\/wp-content\/uploads\/2026\/03\/att.DUIqGT9se6PRpuY02DXtk3Pf6BEdSfWd-WjOzZ33v2Y-1536x1536.jpg 1536w, https:\/\/zspmeszna.edu.pl\/szkola\/wp-content\/uploads\/2026\/03\/att.DUIqGT9se6PRpuY02DXtk3Pf6BEdSfWd-WjOzZ33v2Y-600x600.jpg 600w, https:\/\/zspmeszna.edu.pl\/szkola\/wp-content\/uploads\/2026\/03\/att.DUIqGT9se6PRpuY02DXtk3Pf6BEdSfWd-WjOzZ33v2Y.jpg 2048w\" sizes=\"auto, (max-width: 640px) 100vw, 640px\" \/> <img loading=\"lazy\" decoding=\"async\" class=\"alignnone size-large wp-image-2407\" src=\"https:\/\/zspmeszna.edu.pl\/szkola\/wp-content\/uploads\/2026\/03\/att.r8StkkW0xyz5dM8VM08IzQPLEEeo7yhlLDNcvNcseRg-1024x1024.jpg\" alt=\"\" width=\"640\" height=\"640\" srcset=\"https:\/\/zspmeszna.edu.pl\/szkola\/wp-content\/uploads\/2026\/03\/att.r8StkkW0xyz5dM8VM08IzQPLEEeo7yhlLDNcvNcseRg-1024x1024.jpg 1024w, https:\/\/zspmeszna.edu.pl\/szkola\/wp-content\/uploads\/2026\/03\/att.r8StkkW0xyz5dM8VM08IzQPLEEeo7yhlLDNcvNcseRg-300x300.jpg 300w, https:\/\/zspmeszna.edu.pl\/szkola\/wp-content\/uploads\/2026\/03\/att.r8StkkW0xyz5dM8VM08IzQPLEEeo7yhlLDNcvNcseRg-150x150.jpg 150w, https:\/\/zspmeszna.edu.pl\/szkola\/wp-content\/uploads\/2026\/03\/att.r8StkkW0xyz5dM8VM08IzQPLEEeo7yhlLDNcvNcseRg-768x768.jpg 768w, https:\/\/zspmeszna.edu.pl\/szkola\/wp-content\/uploads\/2026\/03\/att.r8StkkW0xyz5dM8VM08IzQPLEEeo7yhlLDNcvNcseRg-1536x1536.jpg 1536w, https:\/\/zspmeszna.edu.pl\/szkola\/wp-content\/uploads\/2026\/03\/att.r8StkkW0xyz5dM8VM08IzQPLEEeo7yhlLDNcvNcseRg-600x600.jpg 600w, https:\/\/zspmeszna.edu.pl\/szkola\/wp-content\/uploads\/2026\/03\/att.r8StkkW0xyz5dM8VM08IzQPLEEeo7yhlLDNcvNcseRg.jpg 2048w\" sizes=\"auto, (max-width: 640px) 100vw, 640px\" \/><\/div>\n","protected":false},"excerpt":{"rendered":"<p>Luty w \u015bwietlicy szkolnej\u2744\ufe0f W pierwszym tygodniu lutego rozmawiali\u015bmy o bezpiecznym korzystaniu z Internetu. Dzieci wsp\u00f3lnie stworzy\u0142y zasady, kt\u00f3re pomagaj\u0105 m\u0105drze i bezpiecznie porusza\u0107 si\u0119 w sieci. W kolejnym tygodniu omawiali\u015bmy, jak bezpiecznie sp\u0119dzi\u0107 ferie zimowe. Powsta\u0142y r\u00f3wnie\u017c pi\u0119kne zimowe prace plastyczne, a z okazji Walentynek dzieci przygotowa\u0142y w\u0142asnor\u0119czne kartki dla kole\u017canek i koleg\u00f3w. \u2764\ufe0f [&hellip;]<\/p>\n","protected":false},"author":1,"featured_media":0,"parent":0,"menu_order":0,"comment_status":"closed","ping_status":"closed","template":"","meta":{"footnotes":""},"class_list":["post-2398","page","type-page","status-publish","hentry"],"_links":{"self":[{"href":"https:\/\/zspmeszna.edu.pl\/szkola\/index.php?rest_route=\/wp\/v2\/pages\/2398","targetHints":{"allow":["GET"]}}],"collection":[{"href":"https:\/\/zspmeszna.edu.pl\/szkola\/index.php?rest_route=\/wp\/v2\/pages"}],"about":[{"href":"https:\/\/zspmeszna.edu.pl\/szkola\/index.php?rest_route=\/wp\/v2\/types\/page"}],"author":[{"embeddable":true,"href":"https:\/\/zspmeszna.edu.pl\/szkola\/index.php?rest_route=\/wp\/v2\/users\/1"}],"replies":[{"embeddable":true,"href":"https:\/\/zspmeszna.edu.pl\/szkola\/index.php?rest_route=%2Fwp%2Fv2%2Fcomments&post=2398"}],"version-history":[{"count":3,"href":"https:\/\/zspmeszna.edu.pl\/szkola\/index.php?rest_route=\/wp\/v2\/pages\/2398\/revisions"}],"predecessor-version":[{"id":2408,"href":"https:\/\/zspmeszna.edu.pl\/szkola\/index.php?rest_route=\/wp\/v2\/pages\/2398\/revisions\/2408"}],"wp:attachment":[{"href":"https:\/\/zspmeszna.edu.pl\/szkola\/index.php?rest_route=%2Fwp%2Fv2%2Fmedia&parent=2398"}],"curies":[{"name":"wp","href":"https:\/\/api.w.org\/{rel}","templated":true}]}}