{"id":480,"date":"2024-11-24T22:52:07","date_gmt":"2024-11-24T22:52:07","guid":{"rendered":"https:\/\/zspmeszna.edu.pl\/szkola\/?page_id=480"},"modified":"2026-04-13T11:06:19","modified_gmt":"2026-04-13T11:06:19","slug":"szkolny-klub-wolontariusza","status":"publish","type":"page","link":"https:\/\/zspmeszna.edu.pl\/szkola\/?page_id=480","title":{"rendered":"Szkolny Klub Wolontariusza"},"content":{"rendered":"<div><\/div>\n<div><img loading=\"lazy\" decoding=\"async\" class=\"size-full wp-image-2516 aligncenter\" src=\"https:\/\/zspmeszna.edu.pl\/szkola\/wp-content\/uploads\/2026\/04\/Zrzut-ekranu-2026-04-13-130515.png\" alt=\"\" width=\"583\" height=\"823\" srcset=\"https:\/\/zspmeszna.edu.pl\/szkola\/wp-content\/uploads\/2026\/04\/Zrzut-ekranu-2026-04-13-130515.png 583w, https:\/\/zspmeszna.edu.pl\/szkola\/wp-content\/uploads\/2026\/04\/Zrzut-ekranu-2026-04-13-130515-213x300.png 213w\" sizes=\"auto, (max-width: 583px) 100vw, 583px\" \/><\/div>\n<div style=\"text-align: center;\"><a href=\"https:\/\/zspmeszna.edu.pl\/szkola\/wp-content\/uploads\/2026\/01\/podziekowanie.jpg\" data-lbwps-width=\"1204\" data-lbwps-height=\"1725\" data-lbwps-srcsmall=\"https:\/\/zspmeszna.edu.pl\/szkola\/wp-content\/uploads\/2026\/01\/podziekowanie-209x300.jpg\"><img loading=\"lazy\" decoding=\"async\" class=\"aligncenter wp-image-2266 size-full\" src=\"https:\/\/zspmeszna.edu.pl\/szkola\/wp-content\/uploads\/2026\/01\/podziekowanie.jpg\" alt=\"\" width=\"1204\" height=\"1725\" srcset=\"https:\/\/zspmeszna.edu.pl\/szkola\/wp-content\/uploads\/2026\/01\/podziekowanie.jpg 1204w, https:\/\/zspmeszna.edu.pl\/szkola\/wp-content\/uploads\/2026\/01\/podziekowanie-209x300.jpg 209w, https:\/\/zspmeszna.edu.pl\/szkola\/wp-content\/uploads\/2026\/01\/podziekowanie-715x1024.jpg 715w, https:\/\/zspmeszna.edu.pl\/szkola\/wp-content\/uploads\/2026\/01\/podziekowanie-768x1100.jpg 768w, https:\/\/zspmeszna.edu.pl\/szkola\/wp-content\/uploads\/2026\/01\/podziekowanie-1072x1536.jpg 1072w, https:\/\/zspmeszna.edu.pl\/szkola\/wp-content\/uploads\/2026\/01\/podziekowanie-600x860.jpg 600w\" sizes=\"auto, (max-width: 1204px) 100vw, 1204px\" \/><\/a><\/div>\n<div>\n<hr \/>\n<\/div>\n<div><strong>Bo\u017conarodzeniowa Zbi\u00f3rka \u017bywno\u015bci, 29 listopada, sklep Dino &#8211; dzi\u0119kujemy wszystkim wolontariuszom i darczy\u0144com! Zebrane artyku\u0142y trafi\u0105 przed \u015awi\u0119tami do najbardziej potrzebuj\u0105cych mieszka\u0144c\u00f3w Mesznej.<\/strong><\/div>\n<div><\/div>\n<div>\n<hr \/>\n<\/div>\n<div><strong>Kim jest wolontariusz?<\/strong><\/div>\n<div>Wolontariat (\u0142ac. volontarius \u2013 ochotniczy, dobrowolny) \u2013 definiowany jest jako\u00a0<em>\u015bwiadome, dobrowolne i nieodp\u0142atne dzia\u0142anie na rzecz innych, potrzebuj\u0105cych pomocy, wykraczaj\u0105ce poza zwi\u0105zki rodzinne, przyjacielskie i kole\u017ce\u0144skie.<\/em><\/div>\n<div>Jest swoistym odruchem serca, poci\u0105gaj\u0105cym za sob\u0105 konkretne czyny zmierzaj\u0105ce do wsparcia, udzielenia pomocy cz\u0142owiekowi, kt\u00f3ry znalaz\u0142 si\u0119\u00a0 w trudnej sytuacji \u017cyciowej.\u00a0Przynale\u017cno\u015b\u0107 do szkolnego wolontariatu warunkuj\u0105 dobrowolno\u015b\u0107\u00a0 i przestrzeganie kodeksu wolontariusza.<\/div>\n<div><\/div>\n<div><strong>Idea\u0142 osobowy wolontariusza:<\/strong><\/div>\n<div>1. Wolontariusz jest osoba, kt\u00f3ra stale podejmuje prac\u0119\u00a0 nad sob\u0105, stara si\u0119 coraz lepiej pozna\u0107 samego siebie, swoje mocne i s\u0142abe strony, talenty i ograniczenia.<\/div>\n<div>2. Wolontariusz poznaje swoja motywacj\u0119 do pracy z potrzebuj\u0105cymi.<\/div>\n<div>3. Wolontariusz jest wzorem post\u0119powania dla swoich r\u00f3wie\u015bnik\u00f3w.<\/div>\n<div>4. Wolontariusz nie jest biernym obserwatorem rzeczywisto\u015bci, ale stara si\u0119 j\u0105 rozumie\u0107 i podejmowa\u0107 dzia\u0142ania zmierzaj\u0105ce do rozwiazywania trudnych sytuacji.<\/div>\n<div>5. Wolontariusz nie stoi bezczynnie wobec z\u0142a, niesprawiedliwo\u015bci (staje<br \/>\nw obronie praw s\u0142abszych), ale podejmuje dzia\u0142ania przemy\u015blane.<\/div>\n<div>6. Wolontariusz uczy si\u0119 wsp\u00f3\u0142pracy z innymi, bo pami\u0119ta, \u017ce rozwi\u0105zanie niekt\u00f3rych problem\u00f3w wymaga zaanga\u017cowania wielu os\u00f3b.<\/div>\n<div><\/div>\n<div><strong>Jak zosta\u0107 wolontariuszem?<\/strong><\/div>\n<div>Na pewno wielu z Was zastanawia si\u0119: Jak mog\u0119 zosta\u0107 wolontariuszem? Od czego zacz\u0105\u0107?<\/div>\n<div>Nie jest wa\u017cne, ile posiadamy wolnego czasu, licz\u0105 si\u0119 dobre ch\u0119ci. Cechy, kt\u00f3re powinny charakteryzowa\u0107 wolontariusza:<\/div>\n<div>\u00a0&#8211; du\u017co optymizmu i ch\u0119ci do dzia\u0142ania,<\/div>\n<div>\u00a0&#8211; motywacja do niesienia pomocy potrzebuj\u0105cym,<\/div>\n<div>\u00a0&#8211; umiej\u0119tno\u015b\u0107 wygospodarowania wolnej chwili,<\/div>\n<div>\u00a0&#8211; odwaga i brak barier psychicznych,<\/div>\n<div>\u00a0&#8211; odpowiedzialno\u015b\u0107, wra\u017cliwo\u015b\u0107, systematyczno\u015b\u0107.<\/div>\n<div><\/div>\n<div><strong>Dlaczego warto anga\u017cowa\u0107 si\u0119 w wolontariat?<\/strong><\/div>\n<div>Bycie wolontariuszem to nie tylko odpowiedzialno\u015b\u0107. To przede wszystkim ogromna satysfakcja z pomocy drugiemu cz\u0142owiekowi, kt\u00f3ry jej od nas potrzebuje. Najlepsz\u0105 zap\u0142at\u0105 za prac\u0119 jest u\u015bmiech i ciep\u0142e s\u0142owa od podopiecznego.<\/div>\n<div>Je\u015bli masz jeszcze w\u0105tpliwo\u015bci, czy zosta\u0107 wolontariuszem, niech poni\u017csze argumenty na rzecz wolontariatu zach\u0119c\u0105 ci\u0119 do bycia ochotnikiem.<\/div>\n<div><\/div>\n<div><strong>Wolontariat stwarza szans\u0119:<\/strong><\/div>\n<div>&#8211; wykorzystania w\u0142asnych umiej\u0119tno\u015bci i do\u015bwiadcze\u0144,<\/div>\n<div>&#8211; rozwijania zainteresowa\u0144,<\/div>\n<div>&#8211; zdobycia do\u015bwiadczenia w nowych dziedzinach,<\/div>\n<div>&#8211; zawarcia przyja\u017ani,<\/div>\n<div>&#8211; wywierania wp\u0142ywu na zmiany spo\u0142eczne,<\/div>\n<div>&#8211; zaanga\u017cowania si\u0119 w dzia\u0142ania na rzecz spo\u0142eczno\u015bci lokalnej.<\/div>\n<div><\/div>\n<p><strong>Opiekunem Szkolnego Klubu Wolontariusza w Szkole Podstawowej w Mesznej jest pani Dorota Klimczy\u0144ska.\u00a0<\/strong><\/p>\n<p>&nbsp;<\/p>\n<p><a href=\"https:\/\/zspmeszna.edu.pl\/szkola\/wp-content\/uploads\/2025\/07\/dps.jpg\" data-lbwps-width=\"1653\" data-lbwps-height=\"2337\" data-lbwps-srcsmall=\"https:\/\/zspmeszna.edu.pl\/szkola\/wp-content\/uploads\/2025\/07\/dps-212x300.jpg\"><img loading=\"lazy\" decoding=\"async\" class=\"aligncenter size-large wp-image-1763\" src=\"https:\/\/zspmeszna.edu.pl\/szkola\/wp-content\/uploads\/2025\/07\/dps-724x1024.jpg\" alt=\"\" width=\"640\" height=\"905\" srcset=\"https:\/\/zspmeszna.edu.pl\/szkola\/wp-content\/uploads\/2025\/07\/dps-724x1024.jpg 724w, https:\/\/zspmeszna.edu.pl\/szkola\/wp-content\/uploads\/2025\/07\/dps-212x300.jpg 212w, https:\/\/zspmeszna.edu.pl\/szkola\/wp-content\/uploads\/2025\/07\/dps-768x1086.jpg 768w, https:\/\/zspmeszna.edu.pl\/szkola\/wp-content\/uploads\/2025\/07\/dps-1086x1536.jpg 1086w, https:\/\/zspmeszna.edu.pl\/szkola\/wp-content\/uploads\/2025\/07\/dps-1449x2048.jpg 1449w, https:\/\/zspmeszna.edu.pl\/szkola\/wp-content\/uploads\/2025\/07\/dps-600x848.jpg 600w, https:\/\/zspmeszna.edu.pl\/szkola\/wp-content\/uploads\/2025\/07\/dps.jpg 1653w\" sizes=\"auto, (max-width: 640px) 100vw, 640px\" \/><\/a> <a href=\"https:\/\/zspmeszna.edu.pl\/szkola\/wp-content\/uploads\/2025\/07\/gora_grosza.jpg\" data-lbwps-width=\"1653\" data-lbwps-height=\"2337\" data-lbwps-srcsmall=\"https:\/\/zspmeszna.edu.pl\/szkola\/wp-content\/uploads\/2025\/07\/gora_grosza-212x300.jpg\"><img loading=\"lazy\" decoding=\"async\" class=\"aligncenter size-full wp-image-1764\" src=\"https:\/\/zspmeszna.edu.pl\/szkola\/wp-content\/uploads\/2025\/07\/gora_grosza.jpg\" alt=\"\" width=\"1653\" height=\"2337\" srcset=\"https:\/\/zspmeszna.edu.pl\/szkola\/wp-content\/uploads\/2025\/07\/gora_grosza.jpg 1653w, https:\/\/zspmeszna.edu.pl\/szkola\/wp-content\/uploads\/2025\/07\/gora_grosza-212x300.jpg 212w, https:\/\/zspmeszna.edu.pl\/szkola\/wp-content\/uploads\/2025\/07\/gora_grosza-724x1024.jpg 724w, https:\/\/zspmeszna.edu.pl\/szkola\/wp-content\/uploads\/2025\/07\/gora_grosza-768x1086.jpg 768w, https:\/\/zspmeszna.edu.pl\/szkola\/wp-content\/uploads\/2025\/07\/gora_grosza-1086x1536.jpg 1086w, https:\/\/zspmeszna.edu.pl\/szkola\/wp-content\/uploads\/2025\/07\/gora_grosza-1449x2048.jpg 1449w, https:\/\/zspmeszna.edu.pl\/szkola\/wp-content\/uploads\/2025\/07\/gora_grosza-600x848.jpg 600w\" sizes=\"auto, (max-width: 1653px) 100vw, 1653px\" \/><\/a> <a href=\"https:\/\/zspmeszna.edu.pl\/szkola\/wp-content\/uploads\/2025\/07\/lompy.jpg\" data-lbwps-width=\"1653\" data-lbwps-height=\"2337\" data-lbwps-srcsmall=\"https:\/\/zspmeszna.edu.pl\/szkola\/wp-content\/uploads\/2025\/07\/lompy-212x300.jpg\"><img loading=\"lazy\" decoding=\"async\" class=\"aligncenter size-full wp-image-1765\" src=\"https:\/\/zspmeszna.edu.pl\/szkola\/wp-content\/uploads\/2025\/07\/lompy.jpg\" alt=\"\" width=\"1653\" height=\"2337\" srcset=\"https:\/\/zspmeszna.edu.pl\/szkola\/wp-content\/uploads\/2025\/07\/lompy.jpg 1653w, https:\/\/zspmeszna.edu.pl\/szkola\/wp-content\/uploads\/2025\/07\/lompy-212x300.jpg 212w, https:\/\/zspmeszna.edu.pl\/szkola\/wp-content\/uploads\/2025\/07\/lompy-724x1024.jpg 724w, https:\/\/zspmeszna.edu.pl\/szkola\/wp-content\/uploads\/2025\/07\/lompy-768x1086.jpg 768w, https:\/\/zspmeszna.edu.pl\/szkola\/wp-content\/uploads\/2025\/07\/lompy-1086x1536.jpg 1086w, https:\/\/zspmeszna.edu.pl\/szkola\/wp-content\/uploads\/2025\/07\/lompy-1449x2048.jpg 1449w, https:\/\/zspmeszna.edu.pl\/szkola\/wp-content\/uploads\/2025\/07\/lompy-600x848.jpg 600w\" sizes=\"auto, (max-width: 1653px) 100vw, 1653px\" \/><\/a> <a href=\"https:\/\/zspmeszna.edu.pl\/szkola\/wp-content\/uploads\/2025\/07\/szlachetna_paczka.jpg\" data-lbwps-width=\"1653\" data-lbwps-height=\"2337\" data-lbwps-srcsmall=\"https:\/\/zspmeszna.edu.pl\/szkola\/wp-content\/uploads\/2025\/07\/szlachetna_paczka-212x300.jpg\"><img loading=\"lazy\" decoding=\"async\" class=\"aligncenter size-full wp-image-1766\" src=\"https:\/\/zspmeszna.edu.pl\/szkola\/wp-content\/uploads\/2025\/07\/szlachetna_paczka.jpg\" alt=\"\" width=\"1653\" height=\"2337\" srcset=\"https:\/\/zspmeszna.edu.pl\/szkola\/wp-content\/uploads\/2025\/07\/szlachetna_paczka.jpg 1653w, https:\/\/zspmeszna.edu.pl\/szkola\/wp-content\/uploads\/2025\/07\/szlachetna_paczka-212x300.jpg 212w, https:\/\/zspmeszna.edu.pl\/szkola\/wp-content\/uploads\/2025\/07\/szlachetna_paczka-724x1024.jpg 724w, https:\/\/zspmeszna.edu.pl\/szkola\/wp-content\/uploads\/2025\/07\/szlachetna_paczka-768x1086.jpg 768w, https:\/\/zspmeszna.edu.pl\/szkola\/wp-content\/uploads\/2025\/07\/szlachetna_paczka-1086x1536.jpg 1086w, https:\/\/zspmeszna.edu.pl\/szkola\/wp-content\/uploads\/2025\/07\/szlachetna_paczka-1449x2048.jpg 1449w, https:\/\/zspmeszna.edu.pl\/szkola\/wp-content\/uploads\/2025\/07\/szlachetna_paczka-600x848.jpg 600w\" sizes=\"auto, (max-width: 1653px) 100vw, 1653px\" \/><\/a> <a href=\"https:\/\/zspmeszna.edu.pl\/szkola\/wp-content\/uploads\/2025\/07\/zwierzeta.jpg\" data-lbwps-width=\"1653\" data-lbwps-height=\"2337\" data-lbwps-srcsmall=\"https:\/\/zspmeszna.edu.pl\/szkola\/wp-content\/uploads\/2025\/07\/zwierzeta-212x300.jpg\"><img loading=\"lazy\" decoding=\"async\" class=\"aligncenter size-full wp-image-1767\" src=\"https:\/\/zspmeszna.edu.pl\/szkola\/wp-content\/uploads\/2025\/07\/zwierzeta.jpg\" alt=\"\" width=\"1653\" height=\"2337\" srcset=\"https:\/\/zspmeszna.edu.pl\/szkola\/wp-content\/uploads\/2025\/07\/zwierzeta.jpg 1653w, https:\/\/zspmeszna.edu.pl\/szkola\/wp-content\/uploads\/2025\/07\/zwierzeta-212x300.jpg 212w, https:\/\/zspmeszna.edu.pl\/szkola\/wp-content\/uploads\/2025\/07\/zwierzeta-724x1024.jpg 724w, https:\/\/zspmeszna.edu.pl\/szkola\/wp-content\/uploads\/2025\/07\/zwierzeta-768x1086.jpg 768w, https:\/\/zspmeszna.edu.pl\/szkola\/wp-content\/uploads\/2025\/07\/zwierzeta-1086x1536.jpg 1086w, https:\/\/zspmeszna.edu.pl\/szkola\/wp-content\/uploads\/2025\/07\/zwierzeta-1449x2048.jpg 1449w, https:\/\/zspmeszna.edu.pl\/szkola\/wp-content\/uploads\/2025\/07\/zwierzeta-600x848.jpg 600w\" sizes=\"auto, (max-width: 1653px) 100vw, 1653px\" \/><\/a><\/p>\n","protected":false},"excerpt":{"rendered":"<p>Bo\u017conarodzeniowa Zbi\u00f3rka \u017bywno\u015bci, 29 listopada, sklep Dino &#8211; dzi\u0119kujemy wszystkim wolontariuszom i darczy\u0144com! Zebrane artyku\u0142y trafi\u0105 przed \u015awi\u0119tami do najbardziej potrzebuj\u0105cych mieszka\u0144c\u00f3w Mesznej. Kim jest wolontariusz? Wolontariat (\u0142ac. volontarius \u2013 ochotniczy, dobrowolny) \u2013 definiowany jest jako\u00a0\u015bwiadome, dobrowolne i nieodp\u0142atne dzia\u0142anie na rzecz innych, potrzebuj\u0105cych pomocy, wykraczaj\u0105ce poza zwi\u0105zki rodzinne, przyjacielskie i kole\u017ce\u0144skie. Jest swoistym odruchem [&hellip;]<\/p>\n","protected":false},"author":1,"featured_media":608,"parent":0,"menu_order":0,"comment_status":"closed","ping_status":"closed","template":"","meta":{"footnotes":""},"class_list":["post-480","page","type-page","status-publish","has-post-thumbnail","hentry"],"_links":{"self":[{"href":"https:\/\/zspmeszna.edu.pl\/szkola\/index.php?rest_route=\/wp\/v2\/pages\/480","targetHints":{"allow":["GET"]}}],"collection":[{"href":"https:\/\/zspmeszna.edu.pl\/szkola\/index.php?rest_route=\/wp\/v2\/pages"}],"about":[{"href":"https:\/\/zspmeszna.edu.pl\/szkola\/index.php?rest_route=\/wp\/v2\/types\/page"}],"author":[{"embeddable":true,"href":"https:\/\/zspmeszna.edu.pl\/szkola\/index.php?rest_route=\/wp\/v2\/users\/1"}],"replies":[{"embeddable":true,"href":"https:\/\/zspmeszna.edu.pl\/szkola\/index.php?rest_route=%2Fwp%2Fv2%2Fcomments&post=480"}],"version-history":[{"count":15,"href":"https:\/\/zspmeszna.edu.pl\/szkola\/index.php?rest_route=\/wp\/v2\/pages\/480\/revisions"}],"predecessor-version":[{"id":2517,"href":"https:\/\/zspmeszna.edu.pl\/szkola\/index.php?rest_route=\/wp\/v2\/pages\/480\/revisions\/2517"}],"wp:featuredmedia":[{"embeddable":true,"href":"https:\/\/zspmeszna.edu.pl\/szkola\/index.php?rest_route=\/wp\/v2\/media\/608"}],"wp:attachment":[{"href":"https:\/\/zspmeszna.edu.pl\/szkola\/index.php?rest_route=%2Fwp%2Fv2%2Fmedia&parent=480"}],"curies":[{"name":"wp","href":"https:\/\/api.w.org\/{rel}","templated":true}]}}