{"id":980,"date":"2025-01-12T21:05:03","date_gmt":"2025-01-12T21:05:03","guid":{"rendered":"https:\/\/zspmeszna.edu.pl\/szkola\/?page_id=980"},"modified":"2025-05-13T18:50:23","modified_gmt":"2025-05-13T18:50:23","slug":"swietlica-szkolna","status":"publish","type":"page","link":"https:\/\/zspmeszna.edu.pl\/szkola\/?page_id=980","title":{"rendered":"\u015awietlica szkolna"},"content":{"rendered":"<div id='gallery-1' class='gallery galleryid-980 gallery-columns-3 gallery-size-thumbnail'><figure class='gallery-item'>\n\t\t\t<div class='gallery-icon portrait'>\n\t\t\t\t<a href='https:\/\/zspmeszna.edu.pl\/szkola\/?attachment_id=1004' data-lbwps-gid=\"2\"><img loading=\"lazy\" decoding=\"async\" width=\"150\" height=\"150\" src=\"https:\/\/zspmeszna.edu.pl\/szkola\/wp-content\/uploads\/2025\/01\/IMG_4848-150x150.jpeg\" class=\"attachment-thumbnail size-thumbnail\" alt=\"\" aria-describedby=\"gallery-1-1004\" \/><\/a>\n\t\t\t<\/div>\n\t\t\t\t<figcaption class='wp-caption-text gallery-caption' id='gallery-1-1004'>\n\t\t\t\tUroczyste otwarcie \u015awietlicy\n\t\t\t\t<\/figcaption><\/figure><figure class='gallery-item'>\n\t\t\t<div class='gallery-icon portrait'>\n\t\t\t\t<a href='https:\/\/zspmeszna.edu.pl\/szkola\/?attachment_id=990' data-lbwps-gid=\"2\"><img loading=\"lazy\" decoding=\"async\" width=\"150\" height=\"150\" src=\"https:\/\/zspmeszna.edu.pl\/szkola\/wp-content\/uploads\/2025\/01\/IMG_4790-150x150.jpeg\" class=\"attachment-thumbnail size-thumbnail\" alt=\"\" aria-describedby=\"gallery-1-990\" \/><\/a>\n\t\t\t<\/div>\n\t\t\t\t<figcaption class='wp-caption-text gallery-caption' id='gallery-1-990'>\n\t\t\t\tK\u0105cik czytelniczy\n\t\t\t\t<\/figcaption><\/figure><figure class='gallery-item'>\n\t\t\t<div class='gallery-icon landscape'>\n\t\t\t\t<a href='https:\/\/zspmeszna.edu.pl\/szkola\/?attachment_id=989' data-lbwps-gid=\"2\"><img loading=\"lazy\" decoding=\"async\" width=\"150\" height=\"150\" src=\"https:\/\/zspmeszna.edu.pl\/szkola\/wp-content\/uploads\/2025\/01\/IMG_4791-150x150.jpeg\" class=\"attachment-thumbnail size-thumbnail\" alt=\"\" aria-describedby=\"gallery-1-989\" \/><\/a>\n\t\t\t<\/div>\n\t\t\t\t<figcaption class='wp-caption-text gallery-caption' id='gallery-1-989'>\n\t\t\t\tStrefa do wypoczynku\n\t\t\t\t<\/figcaption><\/figure><figure class='gallery-item'>\n\t\t\t<div class='gallery-icon landscape'>\n\t\t\t\t<a href='https:\/\/zspmeszna.edu.pl\/szkola\/?attachment_id=988' data-lbwps-gid=\"2\"><img loading=\"lazy\" decoding=\"async\" width=\"150\" height=\"150\" src=\"https:\/\/zspmeszna.edu.pl\/szkola\/wp-content\/uploads\/2025\/01\/IMG_4796-150x150.jpeg\" class=\"attachment-thumbnail size-thumbnail\" alt=\"\" aria-describedby=\"gallery-1-988\" \/><\/a>\n\t\t\t<\/div>\n\t\t\t\t<figcaption class='wp-caption-text gallery-caption' id='gallery-1-988'>\n\t\t\t\tSprz\u0119t interaktywny\n\t\t\t\t<\/figcaption><\/figure><figure class='gallery-item'>\n\t\t\t<div class='gallery-icon landscape'>\n\t\t\t\t<a href='https:\/\/zspmeszna.edu.pl\/szkola\/?attachment_id=986' data-lbwps-gid=\"2\"><img loading=\"lazy\" decoding=\"async\" width=\"150\" height=\"150\" src=\"https:\/\/zspmeszna.edu.pl\/szkola\/wp-content\/uploads\/2025\/01\/IMG_4795-150x150.jpeg\" class=\"attachment-thumbnail size-thumbnail\" alt=\"\" aria-describedby=\"gallery-1-986\" \/><\/a>\n\t\t\t<\/div>\n\t\t\t\t<figcaption class='wp-caption-text gallery-caption' id='gallery-1-986'>\n\t\t\t\tTutaj dzia\u0142amy\n\t\t\t\t<\/figcaption><\/figure><figure class='gallery-item'>\n\t\t\t<div class='gallery-icon portrait'>\n\t\t\t\t<a href='https:\/\/zspmeszna.edu.pl\/szkola\/?attachment_id=1007' data-lbwps-gid=\"2\"><img loading=\"lazy\" decoding=\"async\" width=\"150\" height=\"150\" src=\"https:\/\/zspmeszna.edu.pl\/szkola\/wp-content\/uploads\/2025\/01\/IMG_4849-150x150.jpeg\" class=\"attachment-thumbnail size-thumbnail\" alt=\"\" aria-describedby=\"gallery-1-1007\" \/><\/a>\n\t\t\t<\/div>\n\t\t\t\t<figcaption class='wp-caption-text gallery-caption' id='gallery-1-1007'>\n\t\t\t\tRazem najlepiej!\n\t\t\t\t<\/figcaption><\/figure><figure class='gallery-item'>\n\t\t\t<div class='gallery-icon portrait'>\n\t\t\t\t<a href='https:\/\/zspmeszna.edu.pl\/szkola\/?attachment_id=1006' data-lbwps-gid=\"2\"><img loading=\"lazy\" decoding=\"async\" width=\"150\" height=\"150\" src=\"https:\/\/zspmeszna.edu.pl\/szkola\/wp-content\/uploads\/2025\/01\/IMG_4852-150x150.jpeg\" class=\"attachment-thumbnail size-thumbnail\" alt=\"\" aria-describedby=\"gallery-1-1006\" \/><\/a>\n\t\t\t<\/div>\n\t\t\t\t<figcaption class='wp-caption-text gallery-caption' id='gallery-1-1006'>\n\t\t\t\tHappy Day!\n\t\t\t\t<\/figcaption><\/figure><figure class='gallery-item'>\n\t\t\t<div class='gallery-icon portrait'>\n\t\t\t\t<a href='https:\/\/zspmeszna.edu.pl\/szkola\/?attachment_id=1002' data-lbwps-gid=\"2\"><img loading=\"lazy\" decoding=\"async\" width=\"150\" height=\"150\" src=\"https:\/\/zspmeszna.edu.pl\/szkola\/wp-content\/uploads\/2025\/01\/IMG_4851-150x150.jpeg\" class=\"attachment-thumbnail size-thumbnail\" alt=\"\" aria-describedby=\"gallery-1-1002\" \/><\/a>\n\t\t\t<\/div>\n\t\t\t\t<figcaption class='wp-caption-text gallery-caption' id='gallery-1-1002'>\n\t\t\t\tChill\n\t\t\t\t<\/figcaption><\/figure><figure class='gallery-item'>\n\t\t\t<div class='gallery-icon portrait'>\n\t\t\t\t<a href='https:\/\/zspmeszna.edu.pl\/szkola\/?attachment_id=1005' data-lbwps-gid=\"2\"><img loading=\"lazy\" decoding=\"async\" width=\"150\" height=\"150\" src=\"https:\/\/zspmeszna.edu.pl\/szkola\/wp-content\/uploads\/2025\/01\/IMG_4855-150x150.jpeg\" class=\"attachment-thumbnail size-thumbnail\" alt=\"\" aria-describedby=\"gallery-1-1005\" \/><\/a>\n\t\t\t<\/div>\n\t\t\t\t<figcaption class='wp-caption-text gallery-caption' id='gallery-1-1005'>\n\t\t\t\tDzi\u0119kujemy!\n\t\t\t\t<\/figcaption><\/figure>\n\t\t<\/div>\n\n<p>Szko\u0142a Podstawowa w Mesznej zapewnia edukacj\u0119 i opiek\u0119 dzieciom w dw\u00f3ch nowoczesnych \u015bwietlicach w pe\u0142ni wyposa\u017conych w ramach realizacji projektu \u201eEdukacja w\u0142\u0105czaj\u0105ca w Gminie Wilkowice \u2013 Zesp\u00f3\u0142 Szkolno-Przedszkolny w Mesznej\u201d.\u00a0 Pierwsza \u015bwietlica przeznaczona jest do wypoczynku i nauki najm\u0142odszych uczni\u00f3w, znajduje si\u0119 w niej strefa relaksu oraz k\u0105cik\u00a0 czytelniczy. Drugie pomieszczenie wyposa\u017cone jest w mobiln\u0105 tablic\u0119, interaktywn\u0105 pod\u0142og\u0119, stref\u0119 do zabawy. Nowe \u015bwietlice wyposa\u017cone s\u0105 tak\u017ce w pomoce naukowe przydatne dla uczni\u00f3w ze specjalnymi potrzebami edukacyjnymi. Strefa cicha jest odpowiedzi\u0105 na potrzeby dzieci przebod\u017acowanych, nadwra\u017cliwych s\u0142uchowo.<\/p>\n<p><strong>-Strefa zabawowa<\/strong><\/p>\n<p><strong>-Strefa cicha<\/strong><\/p>\n<p><strong>-Strefa edukacyjna<\/strong><\/p>\n<p><strong>-K\u0105cik czytelniczy<\/strong><\/p>\n<p><strong>-Pod\u0142oga interaktywna<\/strong><\/p>\n<p style=\"text-align: center;\"><strong>KONTAKT Z WYCHOWAWC\u0104 \u015aWIETLICY: tel. 579 471 512 (w czasie pracy \u015bwietlic)<\/strong><\/p>\n<p>Z \u017cycia \u015bwietlicy:<\/p>\n<p><a href=\"https:\/\/zspmeszna.edu.pl\/szkola\/?page_id=1539\" target=\"_blank\" rel=\"noopener\">kwiecie\u0144<\/a><br \/>\nmarzec<br \/>\nluty<br \/>\nstycze\u0144<br \/>\ngrudzie\u0144<br \/>\nlistopad<br \/>\npa\u017adziernik<br \/>\nwrzesie\u0144<\/p>\n","protected":false},"excerpt":{"rendered":"<p>Szko\u0142a Podstawowa w Mesznej zapewnia edukacj\u0119 i opiek\u0119 dzieciom w dw\u00f3ch nowoczesnych \u015bwietlicach w pe\u0142ni wyposa\u017conych w ramach realizacji projektu \u201eEdukacja w\u0142\u0105czaj\u0105ca w Gminie Wilkowice \u2013 Zesp\u00f3\u0142 Szkolno-Przedszkolny w Mesznej\u201d.\u00a0 Pierwsza \u015bwietlica przeznaczona jest do wypoczynku i nauki najm\u0142odszych uczni\u00f3w, znajduje si\u0119 w niej strefa relaksu oraz k\u0105cik\u00a0 czytelniczy. Drugie pomieszczenie wyposa\u017cone jest w mobiln\u0105 [&hellip;]<\/p>\n","protected":false},"author":1,"featured_media":988,"parent":0,"menu_order":0,"comment_status":"closed","ping_status":"closed","template":"","meta":{"footnotes":""},"class_list":["post-980","page","type-page","status-publish","has-post-thumbnail","hentry"],"_links":{"self":[{"href":"https:\/\/zspmeszna.edu.pl\/szkola\/index.php?rest_route=\/wp\/v2\/pages\/980","targetHints":{"allow":["GET"]}}],"collection":[{"href":"https:\/\/zspmeszna.edu.pl\/szkola\/index.php?rest_route=\/wp\/v2\/pages"}],"about":[{"href":"https:\/\/zspmeszna.edu.pl\/szkola\/index.php?rest_route=\/wp\/v2\/types\/page"}],"author":[{"embeddable":true,"href":"https:\/\/zspmeszna.edu.pl\/szkola\/index.php?rest_route=\/wp\/v2\/users\/1"}],"replies":[{"embeddable":true,"href":"https:\/\/zspmeszna.edu.pl\/szkola\/index.php?rest_route=%2Fwp%2Fv2%2Fcomments&post=980"}],"version-history":[{"count":9,"href":"https:\/\/zspmeszna.edu.pl\/szkola\/index.php?rest_route=\/wp\/v2\/pages\/980\/revisions"}],"predecessor-version":[{"id":1555,"href":"https:\/\/zspmeszna.edu.pl\/szkola\/index.php?rest_route=\/wp\/v2\/pages\/980\/revisions\/1555"}],"wp:featuredmedia":[{"embeddable":true,"href":"https:\/\/zspmeszna.edu.pl\/szkola\/index.php?rest_route=\/wp\/v2\/media\/988"}],"wp:attachment":[{"href":"https:\/\/zspmeszna.edu.pl\/szkola\/index.php?rest_route=%2Fwp%2Fv2%2Fmedia&parent=980"}],"curies":[{"name":"wp","href":"https:\/\/api.w.org\/{rel}","templated":true}]}}